
{"version":"1.0","provider_name":"O Arcanjo no ar","provider_url":"https:\/\/www.oarcanjo.net\/site","title":"24 anos depois! - O Arcanjo no ar","type":"rich","width":600,"height":338,"html":"<blockquote class=\"wp-embedded-content\" data-secret=\"rd5EtXesve\"><a href=\"https:\/\/www.oarcanjo.net\/site\/24-anos-depois\/\">24 anos depois!<\/a><\/blockquote><iframe sandbox=\"allow-scripts\" security=\"restricted\" src=\"https:\/\/www.oarcanjo.net\/site\/24-anos-depois\/embed\/#?secret=rd5EtXesve\" width=\"600\" height=\"338\" title=\"&#8220;24 anos depois!&#8221; &#8212; O Arcanjo no ar\" data-secret=\"rd5EtXesve\" frameborder=\"0\" marginwidth=\"0\" marginheight=\"0\" scrolling=\"no\" class=\"wp-embedded-content\"><\/iframe><script type=\"text\/javascript\">\n\/* <![CDATA[ *\/\n\/*! This file is auto-generated *\/\n!function(d,l){\"use strict\";l.querySelector&&d.addEventListener&&\"undefined\"!=typeof URL&&(d.wp=d.wp||{},d.wp.receiveEmbedMessage||(d.wp.receiveEmbedMessage=function(e){var t=e.data;if((t||t.secret||t.message||t.value)&&!\/[^a-zA-Z0-9]\/.test(t.secret)){for(var s,r,n,a=l.querySelectorAll('iframe[data-secret=\"'+t.secret+'\"]'),o=l.querySelectorAll('blockquote[data-secret=\"'+t.secret+'\"]'),c=new RegExp(\"^https?:$\",\"i\"),i=0;i<o.length;i++)o[i].style.display=\"none\";for(i=0;i<a.length;i++)s=a[i],e.source===s.contentWindow&&(s.removeAttribute(\"style\"),\"height\"===t.message?(1e3<(r=parseInt(t.value,10))?r=1e3:~~r<200&&(r=200),s.height=r):\"link\"===t.message&&(r=new URL(s.getAttribute(\"src\")),n=new URL(t.value),c.test(n.protocol))&&n.host===r.host&&l.activeElement===s&&(d.top.location.href=t.value))}},d.addEventListener(\"message\",d.wp.receiveEmbedMessage,!1),l.addEventListener(\"DOMContentLoaded\",function(){for(var e,t,s=l.querySelectorAll(\"iframe.wp-embedded-content\"),r=0;r<s.length;r++)(t=(e=s[r]).getAttribute(\"data-secret\"))||(t=Math.random().toString(36).substring(2,12),e.src+=\"#?secret=\"+t,e.setAttribute(\"data-secret\",t)),e.contentWindow.postMessage({message:\"ready\",secret:t},\"*\")},!1)))}(window,document);\n\/* ]]> *\/\n<\/script>\n","description":"Neste dia 20 de abril lembro dos 24 anos de minha ordena\u00e7\u00e3o sacerdotal. Pela imposi\u00e7\u00e3o das m\u00e3os de D. Luciano Pedro Mendes de Almeida, na Igreja de S\u00e3o Jos\u00e9 do Bel\u00e9m, com a presen\u00e7a de in\u00fameros padres, di\u00e1conos, da minha fam\u00edlia, das comunidades e amigos assumi a miss\u00e3o de ser padre. Miss\u00e3o dif\u00edcil e bonita! [&hellip;]","thumbnail_url":"http:\/\/www.oarcanjo.net\/site\/wp-content\/uploads\/ordenacao-pejulio_09.jpg"}

Neste dia 20 de abril lembro dos 24 anos de minha ordenação sacerdotal. Pela imposição das mãos de D. Luciano Pedro Mendes de Almeida, na Igreja de São José do Belém, com a presença de inúmeros padres, diáconos, da minha família, das comunidades e amigos assumi a missão de ser padre. Missão difícil e bonita! [&hellip;]
