
{"version":"1.0","provider_name":"O Arcanjo no ar","provider_url":"https:\/\/www.oarcanjo.net\/site","title":"A fr\u00e1gil flor que perfuma o mundo - O Arcanjo no ar","type":"rich","width":600,"height":338,"html":"<blockquote class=\"wp-embedded-content\" data-secret=\"goHJduxzYQ\"><a href=\"https:\/\/www.oarcanjo.net\/site\/a-fragil-flor-que-perfuma-o-mundo\/\">A fr\u00e1gil flor que perfuma o mundo<\/a><\/blockquote><iframe sandbox=\"allow-scripts\" security=\"restricted\" src=\"https:\/\/www.oarcanjo.net\/site\/a-fragil-flor-que-perfuma-o-mundo\/embed\/#?secret=goHJduxzYQ\" width=\"600\" height=\"338\" title=\"&#8220;A fr\u00e1gil flor que perfuma o mundo&#8221; &#8212; O Arcanjo no ar\" data-secret=\"goHJduxzYQ\" frameborder=\"0\" marginwidth=\"0\" marginheight=\"0\" scrolling=\"no\" class=\"wp-embedded-content\"><\/iframe><script type=\"text\/javascript\">\n\/* <![CDATA[ *\/\n\/*! This file is auto-generated *\/\n!function(d,l){\"use strict\";l.querySelector&&d.addEventListener&&\"undefined\"!=typeof URL&&(d.wp=d.wp||{},d.wp.receiveEmbedMessage||(d.wp.receiveEmbedMessage=function(e){var t=e.data;if((t||t.secret||t.message||t.value)&&!\/[^a-zA-Z0-9]\/.test(t.secret)){for(var s,r,n,a=l.querySelectorAll('iframe[data-secret=\"'+t.secret+'\"]'),o=l.querySelectorAll('blockquote[data-secret=\"'+t.secret+'\"]'),c=new RegExp(\"^https?:$\",\"i\"),i=0;i<o.length;i++)o[i].style.display=\"none\";for(i=0;i<a.length;i++)s=a[i],e.source===s.contentWindow&&(s.removeAttribute(\"style\"),\"height\"===t.message?(1e3<(r=parseInt(t.value,10))?r=1e3:~~r<200&&(r=200),s.height=r):\"link\"===t.message&&(r=new URL(s.getAttribute(\"src\")),n=new URL(t.value),c.test(n.protocol))&&n.host===r.host&&l.activeElement===s&&(d.top.location.href=t.value))}},d.addEventListener(\"message\",d.wp.receiveEmbedMessage,!1),l.addEventListener(\"DOMContentLoaded\",function(){for(var e,t,s=l.querySelectorAll(\"iframe.wp-embedded-content\"),r=0;r<s.length;r++)(t=(e=s[r]).getAttribute(\"data-secret\"))||(t=Math.random().toString(36).substring(2,12),e.src+=\"#?secret=\"+t,e.setAttribute(\"data-secret\",t)),e.contentWindow.postMessage({message:\"ready\",secret:t},\"*\")},!1)))}(window,document);\n\/* ]]> *\/\n<\/script>\n","description":"Marcelo Barros Nos oitenta anos do irm\u00e3o e mestre Carlos Mesters, doutor da f\u00e9 b\u00edblica para o mundo inteiro, certamente cabe a ele o t\u00edtulo que ele deu \u00e0s comunidades eclesiais de base no primeiro Encontro Intereclesial das CEBs em Vit\u00f3ria, ES em 1975. Se j\u00e1 naquela \u00e9poca elas eram mesmo como uma flor fr\u00e1gil [&hellip;]","thumbnail_url":"https:\/\/www.oarcanjo.net\/site\/wp-content\/uploads\/logo-o-arcanjo-no-ar-facebook.png","thumbnail_width":300,"thumbnail_height":300}

A frágil flor que perfuma o mundo - O Arcanjo no ar

<blockquote class="wp-embedded-content" data-secret="goHJduxzYQ"><a href="https://www.oarcanjo.net/site/a-fragil-flor-que-perfuma-o-mundo/">A frágil flor que perfuma o mundo</a></blockquote><iframe sandbox="allow-scripts" security="restricted" src="https://www.oarcanjo.net/site/a-fragil-flor-que-perfuma-o-mundo/embed/#?secret=goHJduxzYQ" width="600" height="338" title="&#8220;A frágil flor que perfuma o mundo&#8221; &#8212; O Arcanjo no ar" data-secret="goHJduxzYQ" frameborder="0" marginwidth="0" marginheight="0" scrolling="no" class="wp-embedded-content"></iframe><script type="text/javascript">
/* <![CDATA[ */
/*! This file is auto-generated */
!function(d,l){"use strict";l.querySelector&&d.addEventListener&&"undefined"!=typeof URL&&(d.wp=d.wp||{},d.wp.receiveEmbedMessage||(d.wp.receiveEmbedMessage=function(e){var t=e.data;if((t||t.secret||t.message||t.value)&&!/[^a-zA-Z0-9]/.test(t.secret)){for(var s,r,n,a=l.querySelectorAll('iframe[data-secret="'+t.secret+'"]'),o=l.querySelectorAll('blockquote[data-secret="'+t.secret+'"]'),c=new RegExp("^https?:$","i"),i=0;i<o.length;i++)o[i].style.display="none";for(i=0;i<a.length;i++)s=a[i],e.source===s.contentWindow&&(s.removeAttribute("style"),"height"===t.message?(1e3<(r=parseInt(t.value,10))?r=1e3:~~r<200&&(r=200),s.height=r):"link"===t.message&&(r=new URL(s.getAttribute("src")),n=new URL(t.value),c.test(n.protocol))&&n.host===r.host&&l.activeElement===s&&(d.top.location.href=t.value))}},d.addEventListener("message",d.wp.receiveEmbedMessage,!1),l.addEventListener("DOMContentLoaded",function(){for(var e,t,s=l.querySelectorAll("iframe.wp-embedded-content"),r=0;r<s.length;r++)(t=(e=s[r]).getAttribute("data-secret"))||(t=Math.random().toString(36).substring(2,12),e.src+="#?secret="+t,e.setAttribute("data-secret",t)),e.contentWindow.postMessage({message:"ready",secret:t},"*")},!1)))}(window,document);
/* ]]> */
</script>

Marcelo Barros Nos oitenta anos do irmão e mestre Carlos Mesters, doutor da fé bíblica para o mundo inteiro, certamente cabe a ele o título que ele deu às comunidades eclesiais de base no primeiro Encontro Intereclesial das CEBs em Vitória, ES em 1975. Se já naquela época elas eram mesmo como uma flor frágil [&hellip;]
