
{"version":"1.0","provider_name":"O Arcanjo no ar","provider_url":"https:\/\/www.oarcanjo.net\/site","title":"Agenda Latinoamericana: Salvemo-nos com o Planeta - O Arcanjo no ar","type":"rich","width":600,"height":338,"html":"<blockquote class=\"wp-embedded-content\" data-secret=\"i5sl1iREIq\"><a href=\"https:\/\/www.oarcanjo.net\/site\/agenda-latinoamericana-salvemo-nos-com-o-planeta\/\">Agenda Latinoamericana: Salvemo-nos com o Planeta<\/a><\/blockquote><iframe sandbox=\"allow-scripts\" security=\"restricted\" src=\"https:\/\/www.oarcanjo.net\/site\/agenda-latinoamericana-salvemo-nos-com-o-planeta\/embed\/#?secret=i5sl1iREIq\" width=\"600\" height=\"338\" title=\"&#8220;Agenda Latinoamericana: Salvemo-nos com o Planeta&#8221; &#8212; O Arcanjo no ar\" data-secret=\"i5sl1iREIq\" frameborder=\"0\" marginwidth=\"0\" marginheight=\"0\" scrolling=\"no\" class=\"wp-embedded-content\"><\/iframe><script type=\"text\/javascript\">\n\/* <![CDATA[ *\/\n\/*! This file is auto-generated *\/\n!function(d,l){\"use strict\";l.querySelector&&d.addEventListener&&\"undefined\"!=typeof URL&&(d.wp=d.wp||{},d.wp.receiveEmbedMessage||(d.wp.receiveEmbedMessage=function(e){var t=e.data;if((t||t.secret||t.message||t.value)&&!\/[^a-zA-Z0-9]\/.test(t.secret)){for(var s,r,n,a=l.querySelectorAll('iframe[data-secret=\"'+t.secret+'\"]'),o=l.querySelectorAll('blockquote[data-secret=\"'+t.secret+'\"]'),c=new RegExp(\"^https?:$\",\"i\"),i=0;i<o.length;i++)o[i].style.display=\"none\";for(i=0;i<a.length;i++)s=a[i],e.source===s.contentWindow&&(s.removeAttribute(\"style\"),\"height\"===t.message?(1e3<(r=parseInt(t.value,10))?r=1e3:~~r<200&&(r=200),s.height=r):\"link\"===t.message&&(r=new URL(s.getAttribute(\"src\")),n=new URL(t.value),c.test(n.protocol))&&n.host===r.host&&l.activeElement===s&&(d.top.location.href=t.value))}},d.addEventListener(\"message\",d.wp.receiveEmbedMessage,!1),l.addEventListener(\"DOMContentLoaded\",function(){for(var e,t,s=l.querySelectorAll(\"iframe.wp-embedded-content\"),r=0;r<s.length;r++)(t=(e=s[r]).getAttribute(\"data-secret\"))||(t=Math.random().toString(36).substring(2,12),e.src+=\"#?secret=\"+t,e.setAttribute(\"data-secret\",t)),e.contentWindow.postMessage({message:\"ready\",secret:t},\"*\")},!1)))}(window,document);\n\/* ]]> *\/\n<\/script>\n","description":"Dom Pedro Casald\u00e1liga \u00c0 maneira de introdu\u00e7\u00e3o fraterna Vinte anos atr\u00e1s tratavam de ecologia umas poucas pessoas, tachadas inclusive de buc\u00f3licas ou de derrotistas. N\u00e3o era um tema s\u00e9rio nem para a pol\u00edtica nem para a educa\u00e7\u00e3o nem para a religi\u00e3o. Podia-se venerar a Francisco de Assis como santo das flores e dos p\u00e1ssaros, mas [&hellip;]","thumbnail_url":"http:\/\/www.adital.com.br\/arquivos\/1agenda2010port.jpg"}

Dom Pedro Casaldáliga À maneira de introdução fraterna Vinte anos atrás tratavam de ecologia umas poucas pessoas, tachadas inclusive de bucólicas ou de derrotistas. Não era um tema sério nem para a política nem para a educação nem para a religião. Podia-se venerar a Francisco de Assis como santo das flores e dos pássaros, mas [&hellip;]
