
{"version":"1.0","provider_name":"O Arcanjo no ar","provider_url":"https:\/\/www.oarcanjo.net\/site","title":"Batizado de 27 de setembro de 2009 - O Arcanjo no ar","type":"rich","width":600,"height":338,"html":"<blockquote class=\"wp-embedded-content\" data-secret=\"ixEBfGersN\"><a href=\"https:\/\/www.oarcanjo.net\/site\/batizado-de-27-de-setembro-de-2009\/\">Batizado de 27 de setembro de 2009<\/a><\/blockquote><iframe sandbox=\"allow-scripts\" security=\"restricted\" src=\"https:\/\/www.oarcanjo.net\/site\/batizado-de-27-de-setembro-de-2009\/embed\/#?secret=ixEBfGersN\" width=\"600\" height=\"338\" title=\"&#8220;Batizado de 27 de setembro de 2009&#8221; &#8212; O Arcanjo no ar\" data-secret=\"ixEBfGersN\" frameborder=\"0\" marginwidth=\"0\" marginheight=\"0\" scrolling=\"no\" class=\"wp-embedded-content\"><\/iframe><script type=\"text\/javascript\">\n\/* <![CDATA[ *\/\n\/*! This file is auto-generated *\/\n!function(d,l){\"use strict\";l.querySelector&&d.addEventListener&&\"undefined\"!=typeof URL&&(d.wp=d.wp||{},d.wp.receiveEmbedMessage||(d.wp.receiveEmbedMessage=function(e){var t=e.data;if((t||t.secret||t.message||t.value)&&!\/[^a-zA-Z0-9]\/.test(t.secret)){for(var s,r,n,a=l.querySelectorAll('iframe[data-secret=\"'+t.secret+'\"]'),o=l.querySelectorAll('blockquote[data-secret=\"'+t.secret+'\"]'),c=new RegExp(\"^https?:$\",\"i\"),i=0;i<o.length;i++)o[i].style.display=\"none\";for(i=0;i<a.length;i++)s=a[i],e.source===s.contentWindow&&(s.removeAttribute(\"style\"),\"height\"===t.message?(1e3<(r=parseInt(t.value,10))?r=1e3:~~r<200&&(r=200),s.height=r):\"link\"===t.message&&(r=new URL(s.getAttribute(\"src\")),n=new URL(t.value),c.test(n.protocol))&&n.host===r.host&&l.activeElement===s&&(d.top.location.href=t.value))}},d.addEventListener(\"message\",d.wp.receiveEmbedMessage,!1),l.addEventListener(\"DOMContentLoaded\",function(){for(var e,t,s=l.querySelectorAll(\"iframe.wp-embedded-content\"),r=0;r<s.length;r++)(t=(e=s[r]).getAttribute(\"data-secret\"))||(t=Math.random().toString(36).substring(2,12),e.src+=\"#?secret=\"+t,e.setAttribute(\"data-secret\",t)),e.contentWindow.postMessage({message:\"ready\",secret:t},\"*\")},!1)))}(window,document);\n\/* ]]> *\/\n<\/script>\n","description":"No dia de S\u00e3o Vicente de Paulo, um bonito domingo, mais crian\u00e7as foram batizadas na Capela S\u00e3o Judas Tadeu. Os av\u00f3s foram os que mais se emocionaram, sobretudo porque tamb\u00e9m neste dia comemoramos o dia do idoso. A alegria foi contagiante. Foram batizados a Ana Carolyna, Anna Clara, Danilo, Esther, Giovanni, Isadora, Jo\u00e3o Miguel, Julia, [&hellip;]","thumbnail_url":"https:\/\/www.oarcanjo.net\/site\/wp-content\/uploads\/logo-o-arcanjo-no-ar-facebook.png","thumbnail_width":300,"thumbnail_height":300}

No dia de São Vicente de Paulo, um bonito domingo, mais crianças foram batizadas na Capela São Judas Tadeu. Os avós foram os que mais se emocionaram, sobretudo porque também neste dia comemoramos o dia do idoso. A alegria foi contagiante. Foram batizados a Ana Carolyna, Anna Clara, Danilo, Esther, Giovanni, Isadora, João Miguel, Julia, [&hellip;]
