
{"version":"1.0","provider_name":"O Arcanjo no ar","provider_url":"https:\/\/www.oarcanjo.net\/site","title":"Corpus Christi em 2011 (com homilia do Pe. Julio) - O Arcanjo no ar","type":"rich","width":600,"height":338,"html":"<blockquote class=\"wp-embedded-content\" data-secret=\"vFLB24OEfM\"><a href=\"https:\/\/www.oarcanjo.net\/site\/corpus-christi-em-2011\/\">Corpus Christi em 2011 (com homilia do Pe. Julio)<\/a><\/blockquote><iframe sandbox=\"allow-scripts\" security=\"restricted\" src=\"https:\/\/www.oarcanjo.net\/site\/corpus-christi-em-2011\/embed\/#?secret=vFLB24OEfM\" width=\"600\" height=\"338\" title=\"&#8220;Corpus Christi em 2011 (com homilia do Pe. Julio)&#8221; &#8212; O Arcanjo no ar\" data-secret=\"vFLB24OEfM\" frameborder=\"0\" marginwidth=\"0\" marginheight=\"0\" scrolling=\"no\" class=\"wp-embedded-content\"><\/iframe><script type=\"text\/javascript\">\n\/* <![CDATA[ *\/\n\/*! This file is auto-generated *\/\n!function(d,l){\"use strict\";l.querySelector&&d.addEventListener&&\"undefined\"!=typeof URL&&(d.wp=d.wp||{},d.wp.receiveEmbedMessage||(d.wp.receiveEmbedMessage=function(e){var t=e.data;if((t||t.secret||t.message||t.value)&&!\/[^a-zA-Z0-9]\/.test(t.secret)){for(var s,r,n,a=l.querySelectorAll('iframe[data-secret=\"'+t.secret+'\"]'),o=l.querySelectorAll('blockquote[data-secret=\"'+t.secret+'\"]'),c=new RegExp(\"^https?:$\",\"i\"),i=0;i<o.length;i++)o[i].style.display=\"none\";for(i=0;i<a.length;i++)s=a[i],e.source===s.contentWindow&&(s.removeAttribute(\"style\"),\"height\"===t.message?(1e3<(r=parseInt(t.value,10))?r=1e3:~~r<200&&(r=200),s.height=r):\"link\"===t.message&&(r=new URL(s.getAttribute(\"src\")),n=new URL(t.value),c.test(n.protocol))&&n.host===r.host&&l.activeElement===s&&(d.top.location.href=t.value))}},d.addEventListener(\"message\",d.wp.receiveEmbedMessage,!1),l.addEventListener(\"DOMContentLoaded\",function(){for(var e,t,s=l.querySelectorAll(\"iframe.wp-embedded-content\"),r=0;r<s.length;r++)(t=(e=s[r]).getAttribute(\"data-secret\"))||(t=Math.random().toString(36).substring(2,12),e.src+=\"#?secret=\"+t,e.setAttribute(\"data-secret\",t)),e.contentWindow.postMessage({message:\"ready\",secret:t},\"*\")},!1)))}(window,document);\n\/* ]]> *\/\n<\/script>\n","description":"httpv:\/\/www.youtube.com\/watch?v=kek5yzx6FBo Corpus Christi foi celebrado pela comunidade, com missa na capela da Universidade S\u00e3o Judas Tadeu, seguida de prociss\u00e3o pelas ruas do bairro, passando pelo bonito tapete no Conjunto Residencial IAPI. Solenidade do Sant\u00edssimo Corpo e Sangue de Cristo. Jesus disse \u201cEu sou o p\u00e3o vivo descido do c\u00e9u. Quem comer deste p\u00e3o viver\u00e1 eternamente. [&hellip;]","thumbnail_url":"https:\/\/www.oarcanjo.net\/site\/wp-content\/uploads\/logo-o-arcanjo-no-ar-facebook.png","thumbnail_width":300,"thumbnail_height":300}

httpv://www.youtube.com/watch?v=kek5yzx6FBo Corpus Christi foi celebrado pela comunidade, com missa na capela da Universidade São Judas Tadeu, seguida de procissão pelas ruas do bairro, passando pelo bonito tapete no Conjunto Residencial IAPI. Solenidade do Santíssimo Corpo e Sangue de Cristo. Jesus disse “Eu sou o pão vivo descido do céu. Quem comer deste pão viverá eternamente. [&hellip;]
