
{"version":"1.0","provider_name":"O Arcanjo no ar","provider_url":"https:\/\/www.oarcanjo.net\/site","title":"Dom Helder: Uma Pessoa Linda de Viver! - O Arcanjo no ar","type":"rich","width":600,"height":338,"html":"<blockquote class=\"wp-embedded-content\" data-secret=\"P2wkrtrP9v\"><a href=\"https:\/\/www.oarcanjo.net\/site\/dom-helder-uma-pessoa-linda-de-viver\/\">Dom Helder: Uma Pessoa Linda de Viver!<\/a><\/blockquote><iframe sandbox=\"allow-scripts\" security=\"restricted\" src=\"https:\/\/www.oarcanjo.net\/site\/dom-helder-uma-pessoa-linda-de-viver\/embed\/#?secret=P2wkrtrP9v\" width=\"600\" height=\"338\" title=\"&#8220;Dom Helder: Uma Pessoa Linda de Viver!&#8221; &#8212; O Arcanjo no ar\" data-secret=\"P2wkrtrP9v\" frameborder=\"0\" marginwidth=\"0\" marginheight=\"0\" scrolling=\"no\" class=\"wp-embedded-content\"><\/iframe><script type=\"text\/javascript\">\n\/* <![CDATA[ *\/\n\/*! This file is auto-generated *\/\n!function(d,l){\"use strict\";l.querySelector&&d.addEventListener&&\"undefined\"!=typeof URL&&(d.wp=d.wp||{},d.wp.receiveEmbedMessage||(d.wp.receiveEmbedMessage=function(e){var t=e.data;if((t||t.secret||t.message||t.value)&&!\/[^a-zA-Z0-9]\/.test(t.secret)){for(var s,r,n,a=l.querySelectorAll('iframe[data-secret=\"'+t.secret+'\"]'),o=l.querySelectorAll('blockquote[data-secret=\"'+t.secret+'\"]'),c=new RegExp(\"^https?:$\",\"i\"),i=0;i<o.length;i++)o[i].style.display=\"none\";for(i=0;i<a.length;i++)s=a[i],e.source===s.contentWindow&&(s.removeAttribute(\"style\"),\"height\"===t.message?(1e3<(r=parseInt(t.value,10))?r=1e3:~~r<200&&(r=200),s.height=r):\"link\"===t.message&&(r=new URL(s.getAttribute(\"src\")),n=new URL(t.value),c.test(n.protocol))&&n.host===r.host&&l.activeElement===s&&(d.top.location.href=t.value))}},d.addEventListener(\"message\",d.wp.receiveEmbedMessage,!1),l.addEventListener(\"DOMContentLoaded\",function(){for(var e,t,s=l.querySelectorAll(\"iframe.wp-embedded-content\"),r=0;r<s.length;r++)(t=(e=s[r]).getAttribute(\"data-secret\"))||(t=Math.random().toString(36).substring(2,12),e.src+=\"#?secret=\"+t,e.setAttribute(\"data-secret\",t)),e.contentWindow.postMessage({message:\"ready\",secret:t},\"*\")},!1)))}(window,document);\n\/* ]]> *\/\n<\/script>\n","description":"Pe. Tarc\u00edsio Mesquita No Dia 7 de fevereiro deste ano, comemorou-se o centen\u00e1rio do nascimento de Dom Helder C\u00e2mara. Brasileiro, Dom Helder nasceu em Fortaleza e, em vista de se tornar padre, com 14 anos, ingressou no semin\u00e1rio. Ainda muito jovem, com 22 anos e autoriza\u00e7\u00e3o especial dada por Roma, foi ordenado e posto a [&hellip;]","thumbnail_url":"https:\/\/www.oarcanjo.net\/site\/wp-content\/uploads\/logo-o-arcanjo-no-ar-facebook.png","thumbnail_width":300,"thumbnail_height":300}

Pe. Tarcísio Mesquita No Dia 7 de fevereiro deste ano, comemorou-se o centenário do nascimento de Dom Helder Câmara. Brasileiro, Dom Helder nasceu em Fortaleza e, em vista de se tornar padre, com 14 anos, ingressou no seminário. Ainda muito jovem, com 22 anos e autorização especial dada por Roma, foi ordenado e posto a [&hellip;]
