
{"version":"1.0","provider_name":"O Arcanjo no ar","provider_url":"https:\/\/www.oarcanjo.net\/site","title":"Dom Odilo fala sobre o Ano da F\u00e9 - O Arcanjo no ar","type":"rich","width":600,"height":338,"html":"<blockquote class=\"wp-embedded-content\" data-secret=\"CxPRR9TZRQ\"><a href=\"https:\/\/www.oarcanjo.net\/site\/dom-odilo-fala-sobre-o-ano-da-fe\/\">Dom Odilo fala sobre o Ano da F\u00e9<\/a><\/blockquote><iframe sandbox=\"allow-scripts\" security=\"restricted\" src=\"https:\/\/www.oarcanjo.net\/site\/dom-odilo-fala-sobre-o-ano-da-fe\/embed\/#?secret=CxPRR9TZRQ\" width=\"600\" height=\"338\" title=\"&#8220;Dom Odilo fala sobre o Ano da F\u00e9&#8221; &#8212; O Arcanjo no ar\" data-secret=\"CxPRR9TZRQ\" frameborder=\"0\" marginwidth=\"0\" marginheight=\"0\" scrolling=\"no\" class=\"wp-embedded-content\"><\/iframe><script type=\"text\/javascript\">\n\/* <![CDATA[ *\/\n\/*! This file is auto-generated *\/\n!function(d,l){\"use strict\";l.querySelector&&d.addEventListener&&\"undefined\"!=typeof URL&&(d.wp=d.wp||{},d.wp.receiveEmbedMessage||(d.wp.receiveEmbedMessage=function(e){var t=e.data;if((t||t.secret||t.message||t.value)&&!\/[^a-zA-Z0-9]\/.test(t.secret)){for(var s,r,n,a=l.querySelectorAll('iframe[data-secret=\"'+t.secret+'\"]'),o=l.querySelectorAll('blockquote[data-secret=\"'+t.secret+'\"]'),c=new RegExp(\"^https?:$\",\"i\"),i=0;i<o.length;i++)o[i].style.display=\"none\";for(i=0;i<a.length;i++)s=a[i],e.source===s.contentWindow&&(s.removeAttribute(\"style\"),\"height\"===t.message?(1e3<(r=parseInt(t.value,10))?r=1e3:~~r<200&&(r=200),s.height=r):\"link\"===t.message&&(r=new URL(s.getAttribute(\"src\")),n=new URL(t.value),c.test(n.protocol))&&n.host===r.host&&l.activeElement===s&&(d.top.location.href=t.value))}},d.addEventListener(\"message\",d.wp.receiveEmbedMessage,!1),l.addEventListener(\"DOMContentLoaded\",function(){for(var e,t,s=l.querySelectorAll(\"iframe.wp-embedded-content\"),r=0;r<s.length;r++)(t=(e=s[r]).getAttribute(\"data-secret\"))||(t=Math.random().toString(36).substring(2,12),e.src+=\"#?secret=\"+t,e.setAttribute(\"data-secret\",t)),e.contentWindow.postMessage({message:\"ready\",secret:t},\"*\")},!1)))}(window,document);\n\/* ]]> *\/\n<\/script>\n","description":"Em entrevista para o &#8220;Jornal de Opni\u00e3o&#8221;, o cardeal dom Odilo Pedro Scherer, arcebispo metropolitano, falou sobre a 13\u00aa assembleia geral ordin\u00e1ria do S\u00ednodo dos Bispos, que este ano tem como tema \u201cA Nova Evangeliza\u00e7\u00e3o para a Transmiss\u00e3o da F\u00e9 Crist\u00e3\u201d e sobre o Ano da F\u00e9. 1- Quais fatos motivaram o Papa Bento 16 [&hellip;]","thumbnail_url":"https:\/\/www.oarcanjo.net\/site\/wp-content\/uploads\/logo-o-arcanjo-no-ar-facebook.png","thumbnail_width":300,"thumbnail_height":300}

Dom Odilo fala sobre o Ano da Fé - O Arcanjo no ar

<blockquote class="wp-embedded-content" data-secret="CxPRR9TZRQ"><a href="https://www.oarcanjo.net/site/dom-odilo-fala-sobre-o-ano-da-fe/">Dom Odilo fala sobre o Ano da Fé</a></blockquote><iframe sandbox="allow-scripts" security="restricted" src="https://www.oarcanjo.net/site/dom-odilo-fala-sobre-o-ano-da-fe/embed/#?secret=CxPRR9TZRQ" width="600" height="338" title="&#8220;Dom Odilo fala sobre o Ano da Fé&#8221; &#8212; O Arcanjo no ar" data-secret="CxPRR9TZRQ" frameborder="0" marginwidth="0" marginheight="0" scrolling="no" class="wp-embedded-content"></iframe><script type="text/javascript">
/* <![CDATA[ */
/*! This file is auto-generated */
!function(d,l){"use strict";l.querySelector&&d.addEventListener&&"undefined"!=typeof URL&&(d.wp=d.wp||{},d.wp.receiveEmbedMessage||(d.wp.receiveEmbedMessage=function(e){var t=e.data;if((t||t.secret||t.message||t.value)&&!/[^a-zA-Z0-9]/.test(t.secret)){for(var s,r,n,a=l.querySelectorAll('iframe[data-secret="'+t.secret+'"]'),o=l.querySelectorAll('blockquote[data-secret="'+t.secret+'"]'),c=new RegExp("^https?:$","i"),i=0;i<o.length;i++)o[i].style.display="none";for(i=0;i<a.length;i++)s=a[i],e.source===s.contentWindow&&(s.removeAttribute("style"),"height"===t.message?(1e3<(r=parseInt(t.value,10))?r=1e3:~~r<200&&(r=200),s.height=r):"link"===t.message&&(r=new URL(s.getAttribute("src")),n=new URL(t.value),c.test(n.protocol))&&n.host===r.host&&l.activeElement===s&&(d.top.location.href=t.value))}},d.addEventListener("message",d.wp.receiveEmbedMessage,!1),l.addEventListener("DOMContentLoaded",function(){for(var e,t,s=l.querySelectorAll("iframe.wp-embedded-content"),r=0;r<s.length;r++)(t=(e=s[r]).getAttribute("data-secret"))||(t=Math.random().toString(36).substring(2,12),e.src+="#?secret="+t,e.setAttribute("data-secret",t)),e.contentWindow.postMessage({message:"ready",secret:t},"*")},!1)))}(window,document);
/* ]]> */
</script>

Em entrevista para o &#8220;Jornal de Opnião&#8221;, o cardeal dom Odilo Pedro Scherer, arcebispo metropolitano, falou sobre a 13ª assembleia geral ordinária do Sínodo dos Bispos, que este ano tem como tema “A Nova Evangelização para a Transmissão da Fé Cristã” e sobre o Ano da Fé. 1- Quais fatos motivaram o Papa Bento 16 [&hellip;]
