
{"version":"1.0","provider_name":"O Arcanjo no ar","provider_url":"https:\/\/www.oarcanjo.net\/site","title":"Domingo de Ramos: Come\u00e7a a Semana Santa - O Arcanjo no ar","type":"rich","width":600,"height":338,"html":"<blockquote class=\"wp-embedded-content\" data-secret=\"5oC3ZDMjWe\"><a href=\"https:\/\/www.oarcanjo.net\/site\/domingo-de-ramos-comeca-a-semana-santa\/\">Domingo de Ramos: Come\u00e7a a Semana Santa<\/a><\/blockquote><iframe sandbox=\"allow-scripts\" security=\"restricted\" src=\"https:\/\/www.oarcanjo.net\/site\/domingo-de-ramos-comeca-a-semana-santa\/embed\/#?secret=5oC3ZDMjWe\" width=\"600\" height=\"338\" title=\"&#8220;Domingo de Ramos: Come\u00e7a a Semana Santa&#8221; &#8212; O Arcanjo no ar\" data-secret=\"5oC3ZDMjWe\" frameborder=\"0\" marginwidth=\"0\" marginheight=\"0\" scrolling=\"no\" class=\"wp-embedded-content\"><\/iframe><script type=\"text\/javascript\">\n\/* <![CDATA[ *\/\n\/*! This file is auto-generated *\/\n!function(d,l){\"use strict\";l.querySelector&&d.addEventListener&&\"undefined\"!=typeof URL&&(d.wp=d.wp||{},d.wp.receiveEmbedMessage||(d.wp.receiveEmbedMessage=function(e){var t=e.data;if((t||t.secret||t.message||t.value)&&!\/[^a-zA-Z0-9]\/.test(t.secret)){for(var s,r,n,a=l.querySelectorAll('iframe[data-secret=\"'+t.secret+'\"]'),o=l.querySelectorAll('blockquote[data-secret=\"'+t.secret+'\"]'),c=new RegExp(\"^https?:$\",\"i\"),i=0;i<o.length;i++)o[i].style.display=\"none\";for(i=0;i<a.length;i++)s=a[i],e.source===s.contentWindow&&(s.removeAttribute(\"style\"),\"height\"===t.message?(1e3<(r=parseInt(t.value,10))?r=1e3:~~r<200&&(r=200),s.height=r):\"link\"===t.message&&(r=new URL(s.getAttribute(\"src\")),n=new URL(t.value),c.test(n.protocol))&&n.host===r.host&&l.activeElement===s&&(d.top.location.href=t.value))}},d.addEventListener(\"message\",d.wp.receiveEmbedMessage,!1),l.addEventListener(\"DOMContentLoaded\",function(){for(var e,t,s=l.querySelectorAll(\"iframe.wp-embedded-content\"),r=0;r<s.length;r++)(t=(e=s[r]).getAttribute(\"data-secret\"))||(t=Math.random().toString(36).substring(2,12),e.src+=\"#?secret=\"+t,e.setAttribute(\"data-secret\",t)),e.contentWindow.postMessage({message:\"ready\",secret:t},\"*\")},!1)))}(window,document);\n\/* ]]> *\/\n<\/script>\n","description":"Alexandre Nunes No \u00faltimo domingo, dia 28, foi realizada a b\u00ean\u00e7\u00e3o dos ramos, seguido da prociss\u00e3o que partiu da Par\u00f3quia S\u00e3o Miguel Arcanjo, rumo \u00e0 Capela S\u00e3o Judas Tadeu. Foi um momento forte de vida em comunidade! Enquanto Padre J\u00falio entoava alguns cantos, o povo seguia animado, erguendo os ramos e cantando junto. Quando todos [&hellip;]","thumbnail_url":"http:\/\/www.oarcanjo.net\/site\/wp-content\/uploads\/procissao-ramos-28032010-001.jpg"}

Domingo de Ramos: Começa a Semana Santa - O Arcanjo no ar

<blockquote class="wp-embedded-content" data-secret="5oC3ZDMjWe"><a href="https://www.oarcanjo.net/site/domingo-de-ramos-comeca-a-semana-santa/">Domingo de Ramos: Começa a Semana Santa</a></blockquote><iframe sandbox="allow-scripts" security="restricted" src="https://www.oarcanjo.net/site/domingo-de-ramos-comeca-a-semana-santa/embed/#?secret=5oC3ZDMjWe" width="600" height="338" title="&#8220;Domingo de Ramos: Começa a Semana Santa&#8221; &#8212; O Arcanjo no ar" data-secret="5oC3ZDMjWe" frameborder="0" marginwidth="0" marginheight="0" scrolling="no" class="wp-embedded-content"></iframe><script type="text/javascript">
/* <![CDATA[ */
/*! This file is auto-generated */
!function(d,l){"use strict";l.querySelector&&d.addEventListener&&"undefined"!=typeof URL&&(d.wp=d.wp||{},d.wp.receiveEmbedMessage||(d.wp.receiveEmbedMessage=function(e){var t=e.data;if((t||t.secret||t.message||t.value)&&!/[^a-zA-Z0-9]/.test(t.secret)){for(var s,r,n,a=l.querySelectorAll('iframe[data-secret="'+t.secret+'"]'),o=l.querySelectorAll('blockquote[data-secret="'+t.secret+'"]'),c=new RegExp("^https?:$","i"),i=0;i<o.length;i++)o[i].style.display="none";for(i=0;i<a.length;i++)s=a[i],e.source===s.contentWindow&&(s.removeAttribute("style"),"height"===t.message?(1e3<(r=parseInt(t.value,10))?r=1e3:~~r<200&&(r=200),s.height=r):"link"===t.message&&(r=new URL(s.getAttribute("src")),n=new URL(t.value),c.test(n.protocol))&&n.host===r.host&&l.activeElement===s&&(d.top.location.href=t.value))}},d.addEventListener("message",d.wp.receiveEmbedMessage,!1),l.addEventListener("DOMContentLoaded",function(){for(var e,t,s=l.querySelectorAll("iframe.wp-embedded-content"),r=0;r<s.length;r++)(t=(e=s[r]).getAttribute("data-secret"))||(t=Math.random().toString(36).substring(2,12),e.src+="#?secret="+t,e.setAttribute("data-secret",t)),e.contentWindow.postMessage({message:"ready",secret:t},"*")},!1)))}(window,document);
/* ]]> */
</script>

Alexandre Nunes No último domingo, dia 28, foi realizada a bênção dos ramos, seguido da procissão que partiu da Paróquia São Miguel Arcanjo, rumo à Capela São Judas Tadeu. Foi um momento forte de vida em comunidade! Enquanto Padre Júlio entoava alguns cantos, o povo seguia animado, erguendo os ramos e cantando junto. Quando todos [&hellip;]
