
{"version":"1.0","provider_name":"O Arcanjo no ar","provider_url":"https:\/\/www.oarcanjo.net\/site","title":"Igreja forma grupo de Pastoral da Ecologia - O Arcanjo no ar","type":"rich","width":600,"height":338,"html":"<blockquote class=\"wp-embedded-content\" data-secret=\"pgqgpyzhZj\"><a href=\"https:\/\/www.oarcanjo.net\/site\/igreja-forma-grupo-de-pastoral-da-ecologia\/\">Igreja forma grupo de Pastoral da Ecologia<\/a><\/blockquote><iframe sandbox=\"allow-scripts\" security=\"restricted\" src=\"https:\/\/www.oarcanjo.net\/site\/igreja-forma-grupo-de-pastoral-da-ecologia\/embed\/#?secret=pgqgpyzhZj\" width=\"600\" height=\"338\" title=\"&#8220;Igreja forma grupo de Pastoral da Ecologia&#8221; &#8212; O Arcanjo no ar\" data-secret=\"pgqgpyzhZj\" frameborder=\"0\" marginwidth=\"0\" marginheight=\"0\" scrolling=\"no\" class=\"wp-embedded-content\"><\/iframe><script type=\"text\/javascript\">\n\/* <![CDATA[ *\/\n\/*! This file is auto-generated *\/\n!function(d,l){\"use strict\";l.querySelector&&d.addEventListener&&\"undefined\"!=typeof URL&&(d.wp=d.wp||{},d.wp.receiveEmbedMessage||(d.wp.receiveEmbedMessage=function(e){var t=e.data;if((t||t.secret||t.message||t.value)&&!\/[^a-zA-Z0-9]\/.test(t.secret)){for(var s,r,n,a=l.querySelectorAll('iframe[data-secret=\"'+t.secret+'\"]'),o=l.querySelectorAll('blockquote[data-secret=\"'+t.secret+'\"]'),c=new RegExp(\"^https?:$\",\"i\"),i=0;i<o.length;i++)o[i].style.display=\"none\";for(i=0;i<a.length;i++)s=a[i],e.source===s.contentWindow&&(s.removeAttribute(\"style\"),\"height\"===t.message?(1e3<(r=parseInt(t.value,10))?r=1e3:~~r<200&&(r=200),s.height=r):\"link\"===t.message&&(r=new URL(s.getAttribute(\"src\")),n=new URL(t.value),c.test(n.protocol))&&n.host===r.host&&l.activeElement===s&&(d.top.location.href=t.value))}},d.addEventListener(\"message\",d.wp.receiveEmbedMessage,!1),l.addEventListener(\"DOMContentLoaded\",function(){for(var e,t,s=l.querySelectorAll(\"iframe.wp-embedded-content\"),r=0;r<s.length;r++)(t=(e=s[r]).getAttribute(\"data-secret\"))||(t=Math.random().toString(36).substring(2,12),e.src+=\"#?secret=\"+t,e.setAttribute(\"data-secret\",t)),e.contentWindow.postMessage({message:\"ready\",secret:t},\"*\")},!1)))}(window,document);\n\/* ]]> *\/\n<\/script>\n","description":"Voc\u00ea est\u00e1 convidado(a) a participar da Pastoral da Ecologia da igreja S\u00e3o Miguel Arcanjo. A primeira atividade do grupo ser\u00e1 o Semin\u00e1rio promovido pela Regi\u00e3o Bel\u00e9m no s\u00e1bado, dia 22, das 12h30 \u00e0s 17h30 no Centro Pastoral S\u00e3o Jos\u00e9 (Av. \u00c1lvaro Ramos, 366). Nesse encontro, aberto pelo bispo regional, D. Pedro Luiz Stringhini, ser\u00e1 refletido [&hellip;]","thumbnail_url":"https:\/\/www.oarcanjo.net\/site\/wp-content\/uploads\/logo-o-arcanjo-no-ar-facebook.png","thumbnail_width":300,"thumbnail_height":300}

Você está convidado(a) a participar da Pastoral da Ecologia da igreja São Miguel Arcanjo. A primeira atividade do grupo será o Seminário promovido pela Região Belém no sábado, dia 22, das 12h30 às 17h30 no Centro Pastoral São José (Av. Álvaro Ramos, 366). Nesse encontro, aberto pelo bispo regional, D. Pedro Luiz Stringhini, será refletido [&hellip;]
