
{"version":"1.0","provider_name":"O Arcanjo no ar","provider_url":"https:\/\/www.oarcanjo.net\/site","title":"Imagens da festa de S\u00e3o Miguel - O Arcanjo no ar","type":"rich","width":600,"height":338,"html":"<blockquote class=\"wp-embedded-content\" data-secret=\"bciFbGlcDQ\"><a href=\"https:\/\/www.oarcanjo.net\/site\/imagens-da-festa-da-sao-miguel\/\">Imagens da festa de S\u00e3o Miguel<\/a><\/blockquote><iframe sandbox=\"allow-scripts\" security=\"restricted\" src=\"https:\/\/www.oarcanjo.net\/site\/imagens-da-festa-da-sao-miguel\/embed\/#?secret=bciFbGlcDQ\" width=\"600\" height=\"338\" title=\"&#8220;Imagens da festa de S\u00e3o Miguel&#8221; &#8212; O Arcanjo no ar\" data-secret=\"bciFbGlcDQ\" frameborder=\"0\" marginwidth=\"0\" marginheight=\"0\" scrolling=\"no\" class=\"wp-embedded-content\"><\/iframe><script type=\"text\/javascript\">\n\/* <![CDATA[ *\/\n\/*! This file is auto-generated *\/\n!function(d,l){\"use strict\";l.querySelector&&d.addEventListener&&\"undefined\"!=typeof URL&&(d.wp=d.wp||{},d.wp.receiveEmbedMessage||(d.wp.receiveEmbedMessage=function(e){var t=e.data;if((t||t.secret||t.message||t.value)&&!\/[^a-zA-Z0-9]\/.test(t.secret)){for(var s,r,n,a=l.querySelectorAll('iframe[data-secret=\"'+t.secret+'\"]'),o=l.querySelectorAll('blockquote[data-secret=\"'+t.secret+'\"]'),c=new RegExp(\"^https?:$\",\"i\"),i=0;i<o.length;i++)o[i].style.display=\"none\";for(i=0;i<a.length;i++)s=a[i],e.source===s.contentWindow&&(s.removeAttribute(\"style\"),\"height\"===t.message?(1e3<(r=parseInt(t.value,10))?r=1e3:~~r<200&&(r=200),s.height=r):\"link\"===t.message&&(r=new URL(s.getAttribute(\"src\")),n=new URL(t.value),c.test(n.protocol))&&n.host===r.host&&l.activeElement===s&&(d.top.location.href=t.value))}},d.addEventListener(\"message\",d.wp.receiveEmbedMessage,!1),l.addEventListener(\"DOMContentLoaded\",function(){for(var e,t,s=l.querySelectorAll(\"iframe.wp-embedded-content\"),r=0;r<s.length;r++)(t=(e=s[r]).getAttribute(\"data-secret\"))||(t=Math.random().toString(36).substring(2,12),e.src+=\"#?secret=\"+t,e.setAttribute(\"data-secret\",t)),e.contentWindow.postMessage({message:\"ready\",secret:t},\"*\")},!1)))}(window,document);\n\/* ]]> *\/\n<\/script>\n","description":"Veja as fotos da festa de S\u00e3o Miguel, realizada no \u00faltimo dia 29 de setembro, na par\u00f3quia S\u00e3o Miguel Arcanjo, em S\u00e3o Paulo, com missas presididas pelo cardeal arcebispo d. Odilo Pedro Scherer e pelo bispo auxiliar d. Pedro Luiz Stringhini: Fotos: J. Pedro e Wanderley Oliveira","thumbnail_url":"https:\/\/www.oarcanjo.net\/site\/wp-content\/uploads\/festa-sjudas-destaque4-150x150.jpg"}

Imagens da festa de São Miguel - O Arcanjo no ar

<blockquote class="wp-embedded-content" data-secret="bciFbGlcDQ"><a href="https://www.oarcanjo.net/site/imagens-da-festa-da-sao-miguel/">Imagens da festa de São Miguel</a></blockquote><iframe sandbox="allow-scripts" security="restricted" src="https://www.oarcanjo.net/site/imagens-da-festa-da-sao-miguel/embed/#?secret=bciFbGlcDQ" width="600" height="338" title="&#8220;Imagens da festa de São Miguel&#8221; &#8212; O Arcanjo no ar" data-secret="bciFbGlcDQ" frameborder="0" marginwidth="0" marginheight="0" scrolling="no" class="wp-embedded-content"></iframe><script type="text/javascript">
/* <![CDATA[ */
/*! This file is auto-generated */
!function(d,l){"use strict";l.querySelector&&d.addEventListener&&"undefined"!=typeof URL&&(d.wp=d.wp||{},d.wp.receiveEmbedMessage||(d.wp.receiveEmbedMessage=function(e){var t=e.data;if((t||t.secret||t.message||t.value)&&!/[^a-zA-Z0-9]/.test(t.secret)){for(var s,r,n,a=l.querySelectorAll('iframe[data-secret="'+t.secret+'"]'),o=l.querySelectorAll('blockquote[data-secret="'+t.secret+'"]'),c=new RegExp("^https?:$","i"),i=0;i<o.length;i++)o[i].style.display="none";for(i=0;i<a.length;i++)s=a[i],e.source===s.contentWindow&&(s.removeAttribute("style"),"height"===t.message?(1e3<(r=parseInt(t.value,10))?r=1e3:~~r<200&&(r=200),s.height=r):"link"===t.message&&(r=new URL(s.getAttribute("src")),n=new URL(t.value),c.test(n.protocol))&&n.host===r.host&&l.activeElement===s&&(d.top.location.href=t.value))}},d.addEventListener("message",d.wp.receiveEmbedMessage,!1),l.addEventListener("DOMContentLoaded",function(){for(var e,t,s=l.querySelectorAll("iframe.wp-embedded-content"),r=0;r<s.length;r++)(t=(e=s[r]).getAttribute("data-secret"))||(t=Math.random().toString(36).substring(2,12),e.src+="#?secret="+t,e.setAttribute("data-secret",t)),e.contentWindow.postMessage({message:"ready",secret:t},"*")},!1)))}(window,document);
/* ]]> */
</script>

Veja as fotos da festa de São Miguel, realizada no último dia 29 de setembro, na paróquia São Miguel Arcanjo, em São Paulo, com missas presididas pelo cardeal arcebispo d. Odilo Pedro Scherer e pelo bispo auxiliar d. Pedro Luiz Stringhini: Fotos: J. Pedro e Wanderley Oliveira
