
{"version":"1.0","provider_name":"O Arcanjo no ar","provider_url":"https:\/\/www.oarcanjo.net\/site","title":"Jornada Mundial da Juventude Reuni\u00e3o Setorial - O Arcanjo no ar","type":"rich","width":600,"height":338,"html":"<blockquote class=\"wp-embedded-content\" data-secret=\"XAuzU4Mj4i\"><a href=\"https:\/\/www.oarcanjo.net\/site\/jornada-mundial-da-juventude-reuniao-setorial\/\">Jornada Mundial da Juventude Reuni\u00e3o Setorial<\/a><\/blockquote><iframe sandbox=\"allow-scripts\" security=\"restricted\" src=\"https:\/\/www.oarcanjo.net\/site\/jornada-mundial-da-juventude-reuniao-setorial\/embed\/#?secret=XAuzU4Mj4i\" width=\"600\" height=\"338\" title=\"&#8220;Jornada Mundial da Juventude Reuni\u00e3o Setorial&#8221; &#8212; O Arcanjo no ar\" data-secret=\"XAuzU4Mj4i\" frameborder=\"0\" marginwidth=\"0\" marginheight=\"0\" scrolling=\"no\" class=\"wp-embedded-content\"><\/iframe><script type=\"text\/javascript\">\n\/* <![CDATA[ *\/\n\/*! This file is auto-generated *\/\n!function(d,l){\"use strict\";l.querySelector&&d.addEventListener&&\"undefined\"!=typeof URL&&(d.wp=d.wp||{},d.wp.receiveEmbedMessage||(d.wp.receiveEmbedMessage=function(e){var t=e.data;if((t||t.secret||t.message||t.value)&&!\/[^a-zA-Z0-9]\/.test(t.secret)){for(var s,r,n,a=l.querySelectorAll('iframe[data-secret=\"'+t.secret+'\"]'),o=l.querySelectorAll('blockquote[data-secret=\"'+t.secret+'\"]'),c=new RegExp(\"^https?:$\",\"i\"),i=0;i<o.length;i++)o[i].style.display=\"none\";for(i=0;i<a.length;i++)s=a[i],e.source===s.contentWindow&&(s.removeAttribute(\"style\"),\"height\"===t.message?(1e3<(r=parseInt(t.value,10))?r=1e3:~~r<200&&(r=200),s.height=r):\"link\"===t.message&&(r=new URL(s.getAttribute(\"src\")),n=new URL(t.value),c.test(n.protocol))&&n.host===r.host&&l.activeElement===s&&(d.top.location.href=t.value))}},d.addEventListener(\"message\",d.wp.receiveEmbedMessage,!1),l.addEventListener(\"DOMContentLoaded\",function(){for(var e,t,s=l.querySelectorAll(\"iframe.wp-embedded-content\"),r=0;r<s.length;r++)(t=(e=s[r]).getAttribute(\"data-secret\"))||(t=Math.random().toString(36).substring(2,12),e.src+=\"#?secret=\"+t,e.setAttribute(\"data-secret\",t)),e.contentWindow.postMessage({message:\"ready\",secret:t},\"*\")},!1)))}(window,document);\n\/* ]]> *\/\n<\/script>\n","description":"Na Reuni\u00e3o do Setor, ocorrida no dia 09\/04\/13, na Par\u00f3quia S\u00e3o Miguel Arcanjo, que re\u00fane tamb\u00e9m as Par\u00f3quias S\u00e3o Paulo Ap\u00f3stolo, Nossa Senhora do Bom Conselho, Nossa Senhora de Lourdes, S\u00e3o Rafael, Santa Rita, S\u00e3o Jo\u00e3o Batista, S\u00e3o Jos\u00e9 do Bel\u00e9m e S\u00e3o Carlos Borromeu, o tema central foi a Jornada Mundial da Juventude. Luciano [&hellip;]","thumbnail_url":"https:\/\/www.oarcanjo.net\/site\/wp-content\/uploads\/logo-o-arcanjo-no-ar-facebook.png","thumbnail_width":300,"thumbnail_height":300}

Jornada Mundial da Juventude Reunião Setorial - O Arcanjo no ar

<blockquote class="wp-embedded-content" data-secret="XAuzU4Mj4i"><a href="https://www.oarcanjo.net/site/jornada-mundial-da-juventude-reuniao-setorial/">Jornada Mundial da Juventude Reunião Setorial</a></blockquote><iframe sandbox="allow-scripts" security="restricted" src="https://www.oarcanjo.net/site/jornada-mundial-da-juventude-reuniao-setorial/embed/#?secret=XAuzU4Mj4i" width="600" height="338" title="&#8220;Jornada Mundial da Juventude Reunião Setorial&#8221; &#8212; O Arcanjo no ar" data-secret="XAuzU4Mj4i" frameborder="0" marginwidth="0" marginheight="0" scrolling="no" class="wp-embedded-content"></iframe><script type="text/javascript">
/* <![CDATA[ */
/*! This file is auto-generated */
!function(d,l){"use strict";l.querySelector&&d.addEventListener&&"undefined"!=typeof URL&&(d.wp=d.wp||{},d.wp.receiveEmbedMessage||(d.wp.receiveEmbedMessage=function(e){var t=e.data;if((t||t.secret||t.message||t.value)&&!/[^a-zA-Z0-9]/.test(t.secret)){for(var s,r,n,a=l.querySelectorAll('iframe[data-secret="'+t.secret+'"]'),o=l.querySelectorAll('blockquote[data-secret="'+t.secret+'"]'),c=new RegExp("^https?:$","i"),i=0;i<o.length;i++)o[i].style.display="none";for(i=0;i<a.length;i++)s=a[i],e.source===s.contentWindow&&(s.removeAttribute("style"),"height"===t.message?(1e3<(r=parseInt(t.value,10))?r=1e3:~~r<200&&(r=200),s.height=r):"link"===t.message&&(r=new URL(s.getAttribute("src")),n=new URL(t.value),c.test(n.protocol))&&n.host===r.host&&l.activeElement===s&&(d.top.location.href=t.value))}},d.addEventListener("message",d.wp.receiveEmbedMessage,!1),l.addEventListener("DOMContentLoaded",function(){for(var e,t,s=l.querySelectorAll("iframe.wp-embedded-content"),r=0;r<s.length;r++)(t=(e=s[r]).getAttribute("data-secret"))||(t=Math.random().toString(36).substring(2,12),e.src+="#?secret="+t,e.setAttribute("data-secret",t)),e.contentWindow.postMessage({message:"ready",secret:t},"*")},!1)))}(window,document);
/* ]]> */
</script>

Na Reunião do Setor, ocorrida no dia 09/04/13, na Paróquia São Miguel Arcanjo, que reúne também as Paróquias São Paulo Apóstolo, Nossa Senhora do Bom Conselho, Nossa Senhora de Lourdes, São Rafael, Santa Rita, São João Batista, São José do Belém e São Carlos Borromeu, o tema central foi a Jornada Mundial da Juventude. Luciano [&hellip;]
