
{"version":"1.0","provider_name":"O Arcanjo no ar","provider_url":"https:\/\/www.oarcanjo.net\/site","title":"Jovens lituanos chegam sexta-feira para a JMJ - O Arcanjo no ar","type":"rich","width":600,"height":338,"html":"<blockquote class=\"wp-embedded-content\" data-secret=\"eaeCMWC69Y\"><a href=\"https:\/\/www.oarcanjo.net\/site\/jovens-lituanos-chegam-sexta-feira-para-a-jmj\/\">Jovens lituanos chegam sexta-feira para a JMJ<\/a><\/blockquote><iframe sandbox=\"allow-scripts\" security=\"restricted\" src=\"https:\/\/www.oarcanjo.net\/site\/jovens-lituanos-chegam-sexta-feira-para-a-jmj\/embed\/#?secret=eaeCMWC69Y\" width=\"600\" height=\"338\" title=\"&#8220;Jovens lituanos chegam sexta-feira para a JMJ&#8221; &#8212; O Arcanjo no ar\" data-secret=\"eaeCMWC69Y\" frameborder=\"0\" marginwidth=\"0\" marginheight=\"0\" scrolling=\"no\" class=\"wp-embedded-content\"><\/iframe><script type=\"text\/javascript\">\n\/* <![CDATA[ *\/\n\/*! This file is auto-generated *\/\n!function(d,l){\"use strict\";l.querySelector&&d.addEventListener&&\"undefined\"!=typeof URL&&(d.wp=d.wp||{},d.wp.receiveEmbedMessage||(d.wp.receiveEmbedMessage=function(e){var t=e.data;if((t||t.secret||t.message||t.value)&&!\/[^a-zA-Z0-9]\/.test(t.secret)){for(var s,r,n,a=l.querySelectorAll('iframe[data-secret=\"'+t.secret+'\"]'),o=l.querySelectorAll('blockquote[data-secret=\"'+t.secret+'\"]'),c=new RegExp(\"^https?:$\",\"i\"),i=0;i<o.length;i++)o[i].style.display=\"none\";for(i=0;i<a.length;i++)s=a[i],e.source===s.contentWindow&&(s.removeAttribute(\"style\"),\"height\"===t.message?(1e3<(r=parseInt(t.value,10))?r=1e3:~~r<200&&(r=200),s.height=r):\"link\"===t.message&&(r=new URL(s.getAttribute(\"src\")),n=new URL(t.value),c.test(n.protocol))&&n.host===r.host&&l.activeElement===s&&(d.top.location.href=t.value))}},d.addEventListener(\"message\",d.wp.receiveEmbedMessage,!1),l.addEventListener(\"DOMContentLoaded\",function(){for(var e,t,s=l.querySelectorAll(\"iframe.wp-embedded-content\"),r=0;r<s.length;r++)(t=(e=s[r]).getAttribute(\"data-secret\"))||(t=Math.random().toString(36).substring(2,12),e.src+=\"#?secret=\"+t,e.setAttribute(\"data-secret\",t)),e.contentWindow.postMessage({message:\"ready\",secret:t},\"*\")},!1)))}(window,document);\n\/* ]]> *\/\n<\/script>\n","description":"Chegam na sexta-feira, 12\/07, os jovens lituanos que ser\u00e3o acolhidos pela comunidade S\u00e3o Miguel para participar da Semana Mission\u00e1ria, evento que antecede a Jornada Mundial da Juventude (JMJ). Na v\u00e9spera, 11\/07, o cardeal arcebispo de S\u00e3o Paulo, Dom Odilo Scherer, celebra missa ao meio-dia pelo menino boliviano morto no colo da m\u00e3e durante um assalto. E o Papa Francisco faz uma visita in\u00e9dita e carregada de simbolismo nesta segunda-feira - veja nos avisos da semana","thumbnail_url":"https:\/\/www.oarcanjo.net\/site\/wp-content\/uploads\/logo-o-arcanjo-no-ar-facebook.png","thumbnail_width":300,"thumbnail_height":300}

Chegam na sexta-feira, 12/07, os jovens lituanos que serão acolhidos pela comunidade São Miguel para participar da Semana Missionária, evento que antecede a Jornada Mundial da Juventude (JMJ). Na véspera, 11/07, o cardeal arcebispo de São Paulo, Dom Odilo Scherer, celebra missa ao meio-dia pelo menino boliviano morto no colo da mãe durante um assalto. E o Papa Francisco faz uma visita inédita e carregada de simbolismo nesta segunda-feira - veja nos avisos da semana
