
{"version":"1.0","provider_name":"O Arcanjo no ar","provider_url":"https:\/\/www.oarcanjo.net\/site","title":"Juventude Mission\u00e1ria avalia caminha e aponta desafios - O Arcanjo no ar","type":"rich","width":600,"height":338,"html":"<blockquote class=\"wp-embedded-content\" data-secret=\"SLPzndlYOS\"><a href=\"https:\/\/www.oarcanjo.net\/site\/juventude-missionaria-avalia-caminha-e-aponta-desafios\/\">Juventude Mission\u00e1ria avalia caminha e aponta desafios<\/a><\/blockquote><iframe sandbox=\"allow-scripts\" security=\"restricted\" src=\"https:\/\/www.oarcanjo.net\/site\/juventude-missionaria-avalia-caminha-e-aponta-desafios\/embed\/#?secret=SLPzndlYOS\" width=\"600\" height=\"338\" title=\"&#8220;Juventude Mission\u00e1ria avalia caminha e aponta desafios&#8221; &#8212; O Arcanjo no ar\" data-secret=\"SLPzndlYOS\" frameborder=\"0\" marginwidth=\"0\" marginheight=\"0\" scrolling=\"no\" class=\"wp-embedded-content\"><\/iframe><script type=\"text\/javascript\">\n\/* <![CDATA[ *\/\n\/*! This file is auto-generated *\/\n!function(d,l){\"use strict\";l.querySelector&&d.addEventListener&&\"undefined\"!=typeof URL&&(d.wp=d.wp||{},d.wp.receiveEmbedMessage||(d.wp.receiveEmbedMessage=function(e){var t=e.data;if((t||t.secret||t.message||t.value)&&!\/[^a-zA-Z0-9]\/.test(t.secret)){for(var s,r,n,a=l.querySelectorAll('iframe[data-secret=\"'+t.secret+'\"]'),o=l.querySelectorAll('blockquote[data-secret=\"'+t.secret+'\"]'),c=new RegExp(\"^https?:$\",\"i\"),i=0;i<o.length;i++)o[i].style.display=\"none\";for(i=0;i<a.length;i++)s=a[i],e.source===s.contentWindow&&(s.removeAttribute(\"style\"),\"height\"===t.message?(1e3<(r=parseInt(t.value,10))?r=1e3:~~r<200&&(r=200),s.height=r):\"link\"===t.message&&(r=new URL(s.getAttribute(\"src\")),n=new URL(t.value),c.test(n.protocol))&&n.host===r.host&&l.activeElement===s&&(d.top.location.href=t.value))}},d.addEventListener(\"message\",d.wp.receiveEmbedMessage,!1),l.addEventListener(\"DOMContentLoaded\",function(){for(var e,t,s=l.querySelectorAll(\"iframe.wp-embedded-content\"),r=0;r<s.length;r++)(t=(e=s[r]).getAttribute(\"data-secret\"))||(t=Math.random().toString(36).substring(2,12),e.src+=\"#?secret=\"+t,e.setAttribute(\"data-secret\",t)),e.contentWindow.postMessage({message:\"ready\",secret:t},\"*\")},!1)))}(window,document);\n\/* ]]> *\/\n<\/script>\n","description":"Jaime C. Patias Os coordenadores estaduais da Juventude Mission\u00e1ria (JM) do Brasil, reunidos em Bras\u00edlia na 5\u00aa Assembleia Nacional da Pontif\u00edcia Obra da Propaga\u00e7\u00e3o da F\u00e9 apontaram, na tarde desta sexta-feira, 14, as principais realiza\u00e7\u00f5es e desafios enfrentados nas atividades. Para Fernando Diego Furtado, coordenador da JM no estado do Amazonas, uma das dificuldades encontradas [&hellip;]","thumbnail_url":"http:\/\/www.revistamissoes.org.br\/public\/tbnail\/?c=false&amp;w=610&amp;h=298&amp;f=..\/..\/\/public\/images\/mcefiles\/images\/1assembleia_avalia.jpg"}

Juventude Missionária avalia caminha e aponta desafios - O Arcanjo no ar

<blockquote class="wp-embedded-content" data-secret="SLPzndlYOS"><a href="https://www.oarcanjo.net/site/juventude-missionaria-avalia-caminha-e-aponta-desafios/">Juventude Missionária avalia caminha e aponta desafios</a></blockquote><iframe sandbox="allow-scripts" security="restricted" src="https://www.oarcanjo.net/site/juventude-missionaria-avalia-caminha-e-aponta-desafios/embed/#?secret=SLPzndlYOS" width="600" height="338" title="&#8220;Juventude Missionária avalia caminha e aponta desafios&#8221; &#8212; O Arcanjo no ar" data-secret="SLPzndlYOS" frameborder="0" marginwidth="0" marginheight="0" scrolling="no" class="wp-embedded-content"></iframe><script type="text/javascript">
/* <![CDATA[ */
/*! This file is auto-generated */
!function(d,l){"use strict";l.querySelector&&d.addEventListener&&"undefined"!=typeof URL&&(d.wp=d.wp||{},d.wp.receiveEmbedMessage||(d.wp.receiveEmbedMessage=function(e){var t=e.data;if((t||t.secret||t.message||t.value)&&!/[^a-zA-Z0-9]/.test(t.secret)){for(var s,r,n,a=l.querySelectorAll('iframe[data-secret="'+t.secret+'"]'),o=l.querySelectorAll('blockquote[data-secret="'+t.secret+'"]'),c=new RegExp("^https?:$","i"),i=0;i<o.length;i++)o[i].style.display="none";for(i=0;i<a.length;i++)s=a[i],e.source===s.contentWindow&&(s.removeAttribute("style"),"height"===t.message?(1e3<(r=parseInt(t.value,10))?r=1e3:~~r<200&&(r=200),s.height=r):"link"===t.message&&(r=new URL(s.getAttribute("src")),n=new URL(t.value),c.test(n.protocol))&&n.host===r.host&&l.activeElement===s&&(d.top.location.href=t.value))}},d.addEventListener("message",d.wp.receiveEmbedMessage,!1),l.addEventListener("DOMContentLoaded",function(){for(var e,t,s=l.querySelectorAll("iframe.wp-embedded-content"),r=0;r<s.length;r++)(t=(e=s[r]).getAttribute("data-secret"))||(t=Math.random().toString(36).substring(2,12),e.src+="#?secret="+t,e.setAttribute("data-secret",t)),e.contentWindow.postMessage({message:"ready",secret:t},"*")},!1)))}(window,document);
/* ]]> */
</script>

Jaime C. Patias Os coordenadores estaduais da Juventude Missionária (JM) do Brasil, reunidos em Brasília na 5ª Assembleia Nacional da Pontifícia Obra da Propagação da Fé apontaram, na tarde desta sexta-feira, 14, as principais realizações e desafios enfrentados nas atividades. Para Fernando Diego Furtado, coordenador da JM no estado do Amazonas, uma das dificuldades encontradas [&hellip;]
