
{"version":"1.0","provider_name":"O Arcanjo no ar","provider_url":"https:\/\/www.oarcanjo.net\/site","title":"Massacre do povo da rua completa 5 anos - O Arcanjo no ar","type":"rich","width":600,"height":338,"html":"<blockquote class=\"wp-embedded-content\" data-secret=\"LB0UHFigHL\"><a href=\"https:\/\/www.oarcanjo.net\/site\/massacre-do-povo-da-rua-completa-5-anos\/\">Massacre do povo da rua completa 5 anos<\/a><\/blockquote><iframe sandbox=\"allow-scripts\" security=\"restricted\" src=\"https:\/\/www.oarcanjo.net\/site\/massacre-do-povo-da-rua-completa-5-anos\/embed\/#?secret=LB0UHFigHL\" width=\"600\" height=\"338\" title=\"&#8220;Massacre do povo da rua completa 5 anos&#8221; &#8212; O Arcanjo no ar\" data-secret=\"LB0UHFigHL\" frameborder=\"0\" marginwidth=\"0\" marginheight=\"0\" scrolling=\"no\" class=\"wp-embedded-content\"><\/iframe><script type=\"text\/javascript\">\n\/* <![CDATA[ *\/\n\/*! This file is auto-generated *\/\n!function(d,l){\"use strict\";l.querySelector&&d.addEventListener&&\"undefined\"!=typeof URL&&(d.wp=d.wp||{},d.wp.receiveEmbedMessage||(d.wp.receiveEmbedMessage=function(e){var t=e.data;if((t||t.secret||t.message||t.value)&&!\/[^a-zA-Z0-9]\/.test(t.secret)){for(var s,r,n,a=l.querySelectorAll('iframe[data-secret=\"'+t.secret+'\"]'),o=l.querySelectorAll('blockquote[data-secret=\"'+t.secret+'\"]'),c=new RegExp(\"^https?:$\",\"i\"),i=0;i<o.length;i++)o[i].style.display=\"none\";for(i=0;i<a.length;i++)s=a[i],e.source===s.contentWindow&&(s.removeAttribute(\"style\"),\"height\"===t.message?(1e3<(r=parseInt(t.value,10))?r=1e3:~~r<200&&(r=200),s.height=r):\"link\"===t.message&&(r=new URL(s.getAttribute(\"src\")),n=new URL(t.value),c.test(n.protocol))&&n.host===r.host&&l.activeElement===s&&(d.top.location.href=t.value))}},d.addEventListener(\"message\",d.wp.receiveEmbedMessage,!1),l.addEventListener(\"DOMContentLoaded\",function(){for(var e,t,s=l.querySelectorAll(\"iframe.wp-embedded-content\"),r=0;r<s.length;r++)(t=(e=s[r]).getAttribute(\"data-secret\"))||(t=Math.random().toString(36).substring(2,12),e.src+=\"#?secret=\"+t,e.setAttribute(\"data-secret\",t)),e.contentWindow.postMessage({message:\"ready\",secret:t},\"*\")},!1)))}(window,document);\n\/* ]]> *\/\n<\/script>\n","description":"Centenas de manifestantes lembraram nesta ter\u00e7a-feira, 19 de agosto, dos moradores de rua brutalmente assassinados h\u00e1 cinco anos em S\u00e3o Paulo &#8211; sem nenhuma condena\u00e7\u00e3o para os autores da viol\u00eancia. O ato contou com a participa\u00e7\u00e3o inclusive de representantes da C\u00e2mara Municipal, da Assembl\u00e9ia Legislativa\u00a0 e de v\u00e1rias Organiza\u00e7\u00f5es Sociais. O vereador \u00cdtalo Cardoso assinou, [&hellip;]","thumbnail_url":"http:\/\/www.oarcanjo.net\/site\/wp-content\/uploads\/massacre-5anos-01.JPG"}

Centenas de manifestantes lembraram nesta terça-feira, 19 de agosto, dos moradores de rua brutalmente assassinados há cinco anos em São Paulo &#8211; sem nenhuma condenação para os autores da violência. O ato contou com a participação inclusive de representantes da Câmara Municipal, da Assembléia Legislativa  e de várias Organizações Sociais. O vereador Ítalo Cardoso assinou, [&hellip;]
