
{"version":"1.0","provider_name":"O Arcanjo no ar","provider_url":"https:\/\/www.oarcanjo.net\/site","title":"Par\u00f3quia S\u00e3o Miguel Arcanjo faz 51 anos - O Arcanjo no ar","type":"rich","width":600,"height":338,"html":"<blockquote class=\"wp-embedded-content\" data-secret=\"qlH7z51r3o\"><a href=\"https:\/\/www.oarcanjo.net\/site\/paroquia-sao-miguel-arcanjo-faz-51-anos\/\">Par\u00f3quia S\u00e3o Miguel Arcanjo faz 51 anos<\/a><\/blockquote><iframe sandbox=\"allow-scripts\" security=\"restricted\" src=\"https:\/\/www.oarcanjo.net\/site\/paroquia-sao-miguel-arcanjo-faz-51-anos\/embed\/#?secret=qlH7z51r3o\" width=\"600\" height=\"338\" title=\"&#8220;Par\u00f3quia S\u00e3o Miguel Arcanjo faz 51 anos&#8221; &#8212; O Arcanjo no ar\" data-secret=\"qlH7z51r3o\" frameborder=\"0\" marginwidth=\"0\" marginheight=\"0\" scrolling=\"no\" class=\"wp-embedded-content\"><\/iframe><script type=\"text\/javascript\">\n\/* <![CDATA[ *\/\n\/*! This file is auto-generated *\/\n!function(d,l){\"use strict\";l.querySelector&&d.addEventListener&&\"undefined\"!=typeof URL&&(d.wp=d.wp||{},d.wp.receiveEmbedMessage||(d.wp.receiveEmbedMessage=function(e){var t=e.data;if((t||t.secret||t.message||t.value)&&!\/[^a-zA-Z0-9]\/.test(t.secret)){for(var s,r,n,a=l.querySelectorAll('iframe[data-secret=\"'+t.secret+'\"]'),o=l.querySelectorAll('blockquote[data-secret=\"'+t.secret+'\"]'),c=new RegExp(\"^https?:$\",\"i\"),i=0;i<o.length;i++)o[i].style.display=\"none\";for(i=0;i<a.length;i++)s=a[i],e.source===s.contentWindow&&(s.removeAttribute(\"style\"),\"height\"===t.message?(1e3<(r=parseInt(t.value,10))?r=1e3:~~r<200&&(r=200),s.height=r):\"link\"===t.message&&(r=new URL(s.getAttribute(\"src\")),n=new URL(t.value),c.test(n.protocol))&&n.host===r.host&&l.activeElement===s&&(d.top.location.href=t.value))}},d.addEventListener(\"message\",d.wp.receiveEmbedMessage,!1),l.addEventListener(\"DOMContentLoaded\",function(){for(var e,t,s=l.querySelectorAll(\"iframe.wp-embedded-content\"),r=0;r<s.length;r++)(t=(e=s[r]).getAttribute(\"data-secret\"))||(t=Math.random().toString(36).substring(2,12),e.src+=\"#?secret=\"+t,e.setAttribute(\"data-secret\",t)),e.contentWindow.postMessage({message:\"ready\",secret:t},\"*\")},!1)))}(window,document);\n\/* ]]> *\/\n<\/script>\n","description":"No dia 21 de abril comemoramos 51 anos da institui\u00e7\u00e3o da Par\u00f3quia S\u00e3o Miguel Arcanjo, aqui na Mooca, zona leste de S\u00e3o Paulo. Come\u00e7ou como uma Capela, por iniciativa da fam\u00edlia Aliano,\u00a0passando em 1960 \u00e0 condi\u00e7\u00e3o de Par\u00f3quia e \u00a0constituindo uma Comunidade expressiva dentro da Arquidiocese de S\u00e3o Paulo. Recordar aqui as pessoas e padres [&hellip;]","thumbnail_url":"http:\/\/www.oarcanjo.net\/site\/wp-content\/uploads\/51-anos1-300x225.jpg"}

Paróquia São Miguel Arcanjo faz 51 anos - O Arcanjo no ar

<blockquote class="wp-embedded-content" data-secret="qlH7z51r3o"><a href="https://www.oarcanjo.net/site/paroquia-sao-miguel-arcanjo-faz-51-anos/">Paróquia São Miguel Arcanjo faz 51 anos</a></blockquote><iframe sandbox="allow-scripts" security="restricted" src="https://www.oarcanjo.net/site/paroquia-sao-miguel-arcanjo-faz-51-anos/embed/#?secret=qlH7z51r3o" width="600" height="338" title="&#8220;Paróquia São Miguel Arcanjo faz 51 anos&#8221; &#8212; O Arcanjo no ar" data-secret="qlH7z51r3o" frameborder="0" marginwidth="0" marginheight="0" scrolling="no" class="wp-embedded-content"></iframe><script type="text/javascript">
/* <![CDATA[ */
/*! This file is auto-generated */
!function(d,l){"use strict";l.querySelector&&d.addEventListener&&"undefined"!=typeof URL&&(d.wp=d.wp||{},d.wp.receiveEmbedMessage||(d.wp.receiveEmbedMessage=function(e){var t=e.data;if((t||t.secret||t.message||t.value)&&!/[^a-zA-Z0-9]/.test(t.secret)){for(var s,r,n,a=l.querySelectorAll('iframe[data-secret="'+t.secret+'"]'),o=l.querySelectorAll('blockquote[data-secret="'+t.secret+'"]'),c=new RegExp("^https?:$","i"),i=0;i<o.length;i++)o[i].style.display="none";for(i=0;i<a.length;i++)s=a[i],e.source===s.contentWindow&&(s.removeAttribute("style"),"height"===t.message?(1e3<(r=parseInt(t.value,10))?r=1e3:~~r<200&&(r=200),s.height=r):"link"===t.message&&(r=new URL(s.getAttribute("src")),n=new URL(t.value),c.test(n.protocol))&&n.host===r.host&&l.activeElement===s&&(d.top.location.href=t.value))}},d.addEventListener("message",d.wp.receiveEmbedMessage,!1),l.addEventListener("DOMContentLoaded",function(){for(var e,t,s=l.querySelectorAll("iframe.wp-embedded-content"),r=0;r<s.length;r++)(t=(e=s[r]).getAttribute("data-secret"))||(t=Math.random().toString(36).substring(2,12),e.src+="#?secret="+t,e.setAttribute("data-secret",t)),e.contentWindow.postMessage({message:"ready",secret:t},"*")},!1)))}(window,document);
/* ]]> */
</script>

No dia 21 de abril comemoramos 51 anos da instituição da Paróquia São Miguel Arcanjo, aqui na Mooca, zona leste de São Paulo. Começou como uma Capela, por iniciativa da família Aliano, passando em 1960 à condição de Paróquia e  constituindo uma Comunidade expressiva dentro da Arquidiocese de São Paulo. Recordar aqui as pessoas e padres [&hellip;]
