
{"version":"1.0","provider_name":"O Arcanjo no ar","provider_url":"https:\/\/www.oarcanjo.net\/site","title":"Ponto da Paz na Par\u00f3quia S\u00e3o Miguel - O Arcanjo no ar","type":"rich","width":600,"height":338,"html":"<blockquote class=\"wp-embedded-content\" data-secret=\"WECTdIazGQ\"><a href=\"https:\/\/www.oarcanjo.net\/site\/ponto-da-paz-na-paroquia-sao-miguel\/\">Ponto da Paz na Par\u00f3quia S\u00e3o Miguel<\/a><\/blockquote><iframe sandbox=\"allow-scripts\" security=\"restricted\" src=\"https:\/\/www.oarcanjo.net\/site\/ponto-da-paz-na-paroquia-sao-miguel\/embed\/#?secret=WECTdIazGQ\" width=\"600\" height=\"338\" title=\"&#8220;Ponto da Paz na Par\u00f3quia S\u00e3o Miguel&#8221; &#8212; O Arcanjo no ar\" data-secret=\"WECTdIazGQ\" frameborder=\"0\" marginwidth=\"0\" marginheight=\"0\" scrolling=\"no\" class=\"wp-embedded-content\"><\/iframe><script type=\"text\/javascript\">\n\/* <![CDATA[ *\/\n\/*! This file is auto-generated *\/\n!function(d,l){\"use strict\";l.querySelector&&d.addEventListener&&\"undefined\"!=typeof URL&&(d.wp=d.wp||{},d.wp.receiveEmbedMessage||(d.wp.receiveEmbedMessage=function(e){var t=e.data;if((t||t.secret||t.message||t.value)&&!\/[^a-zA-Z0-9]\/.test(t.secret)){for(var s,r,n,a=l.querySelectorAll('iframe[data-secret=\"'+t.secret+'\"]'),o=l.querySelectorAll('blockquote[data-secret=\"'+t.secret+'\"]'),c=new RegExp(\"^https?:$\",\"i\"),i=0;i<o.length;i++)o[i].style.display=\"none\";for(i=0;i<a.length;i++)s=a[i],e.source===s.contentWindow&&(s.removeAttribute(\"style\"),\"height\"===t.message?(1e3<(r=parseInt(t.value,10))?r=1e3:~~r<200&&(r=200),s.height=r):\"link\"===t.message&&(r=new URL(s.getAttribute(\"src\")),n=new URL(t.value),c.test(n.protocol))&&n.host===r.host&&l.activeElement===s&&(d.top.location.href=t.value))}},d.addEventListener(\"message\",d.wp.receiveEmbedMessage,!1),l.addEventListener(\"DOMContentLoaded\",function(){for(var e,t,s=l.querySelectorAll(\"iframe.wp-embedded-content\"),r=0;r<s.length;r++)(t=(e=s[r]).getAttribute(\"data-secret\"))||(t=Math.random().toString(36).substring(2,12),e.src+=\"#?secret=\"+t,e.setAttribute(\"data-secret\",t)),e.contentWindow.postMessage({message:\"ready\",secret:t},\"*\")},!1)))}(window,document);\n\/* ]]> *\/\n<\/script>\n","description":"COMEMORA\u00c7\u00c3O DOS \u201c50 PONTOS DA PAZ\u201d NA PAR\u00d3QUIA DE S\u00c3O MIGUEL ARCANJO, por Rinalda Uma das bandeiras dos \u201c50 PONTOS DA PAZ\u201d foi fincada no P\u00e1tio da Par\u00f3quia de S\u00e3o Miguel Arcanjo logo pela manh\u00e3, no s\u00e1bado de 24 de maio, como sinal vis\u00edvel do comprometimento dos membros de sua Comunidade na constru\u00e7\u00e3o de um [&hellip;]","thumbnail_url":"https:\/\/www.oarcanjo.net\/site\/wp-content\/uploads\/logo-o-arcanjo-no-ar-facebook.png","thumbnail_width":300,"thumbnail_height":300}

Ponto da Paz na Paróquia São Miguel - O Arcanjo no ar

<blockquote class="wp-embedded-content" data-secret="WECTdIazGQ"><a href="https://www.oarcanjo.net/site/ponto-da-paz-na-paroquia-sao-miguel/">Ponto da Paz na Paróquia São Miguel</a></blockquote><iframe sandbox="allow-scripts" security="restricted" src="https://www.oarcanjo.net/site/ponto-da-paz-na-paroquia-sao-miguel/embed/#?secret=WECTdIazGQ" width="600" height="338" title="&#8220;Ponto da Paz na Paróquia São Miguel&#8221; &#8212; O Arcanjo no ar" data-secret="WECTdIazGQ" frameborder="0" marginwidth="0" marginheight="0" scrolling="no" class="wp-embedded-content"></iframe><script type="text/javascript">
/* <![CDATA[ */
/*! This file is auto-generated */
!function(d,l){"use strict";l.querySelector&&d.addEventListener&&"undefined"!=typeof URL&&(d.wp=d.wp||{},d.wp.receiveEmbedMessage||(d.wp.receiveEmbedMessage=function(e){var t=e.data;if((t||t.secret||t.message||t.value)&&!/[^a-zA-Z0-9]/.test(t.secret)){for(var s,r,n,a=l.querySelectorAll('iframe[data-secret="'+t.secret+'"]'),o=l.querySelectorAll('blockquote[data-secret="'+t.secret+'"]'),c=new RegExp("^https?:$","i"),i=0;i<o.length;i++)o[i].style.display="none";for(i=0;i<a.length;i++)s=a[i],e.source===s.contentWindow&&(s.removeAttribute("style"),"height"===t.message?(1e3<(r=parseInt(t.value,10))?r=1e3:~~r<200&&(r=200),s.height=r):"link"===t.message&&(r=new URL(s.getAttribute("src")),n=new URL(t.value),c.test(n.protocol))&&n.host===r.host&&l.activeElement===s&&(d.top.location.href=t.value))}},d.addEventListener("message",d.wp.receiveEmbedMessage,!1),l.addEventListener("DOMContentLoaded",function(){for(var e,t,s=l.querySelectorAll("iframe.wp-embedded-content"),r=0;r<s.length;r++)(t=(e=s[r]).getAttribute("data-secret"))||(t=Math.random().toString(36).substring(2,12),e.src+="#?secret="+t,e.setAttribute("data-secret",t)),e.contentWindow.postMessage({message:"ready",secret:t},"*")},!1)))}(window,document);
/* ]]> */
</script>

COMEMORAÇÃO DOS “50 PONTOS DA PAZ” NA PARÓQUIA DE SÃO MIGUEL ARCANJO, por Rinalda Uma das bandeiras dos “50 PONTOS DA PAZ” foi fincada no Pátio da Paróquia de São Miguel Arcanjo logo pela manhã, no sábado de 24 de maio, como sinal visível do comprometimento dos membros de sua Comunidade na construção de um [&hellip;]
