
{"version":"1.0","provider_name":"O Arcanjo no ar","provider_url":"https:\/\/www.oarcanjo.net\/site","title":"Portas abertas - O Arcanjo no ar","type":"rich","width":600,"height":338,"html":"<blockquote class=\"wp-embedded-content\" data-secret=\"BaQrsqD7om\"><a href=\"https:\/\/www.oarcanjo.net\/site\/portas-abertas\/\">Portas abertas<\/a><\/blockquote><iframe sandbox=\"allow-scripts\" security=\"restricted\" src=\"https:\/\/www.oarcanjo.net\/site\/portas-abertas\/embed\/#?secret=BaQrsqD7om\" width=\"600\" height=\"338\" title=\"&#8220;Portas abertas&#8221; &#8212; O Arcanjo no ar\" data-secret=\"BaQrsqD7om\" frameborder=\"0\" marginwidth=\"0\" marginheight=\"0\" scrolling=\"no\" class=\"wp-embedded-content\"><\/iframe><script type=\"text\/javascript\">\n\/* <![CDATA[ *\/\n\/*! This file is auto-generated *\/\n!function(d,l){\"use strict\";l.querySelector&&d.addEventListener&&\"undefined\"!=typeof URL&&(d.wp=d.wp||{},d.wp.receiveEmbedMessage||(d.wp.receiveEmbedMessage=function(e){var t=e.data;if((t||t.secret||t.message||t.value)&&!\/[^a-zA-Z0-9]\/.test(t.secret)){for(var s,r,n,a=l.querySelectorAll('iframe[data-secret=\"'+t.secret+'\"]'),o=l.querySelectorAll('blockquote[data-secret=\"'+t.secret+'\"]'),c=new RegExp(\"^https?:$\",\"i\"),i=0;i<o.length;i++)o[i].style.display=\"none\";for(i=0;i<a.length;i++)s=a[i],e.source===s.contentWindow&&(s.removeAttribute(\"style\"),\"height\"===t.message?(1e3<(r=parseInt(t.value,10))?r=1e3:~~r<200&&(r=200),s.height=r):\"link\"===t.message&&(r=new URL(s.getAttribute(\"src\")),n=new URL(t.value),c.test(n.protocol))&&n.host===r.host&&l.activeElement===s&&(d.top.location.href=t.value))}},d.addEventListener(\"message\",d.wp.receiveEmbedMessage,!1),l.addEventListener(\"DOMContentLoaded\",function(){for(var e,t,s=l.querySelectorAll(\"iframe.wp-embedded-content\"),r=0;r<s.length;r++)(t=(e=s[r]).getAttribute(\"data-secret\"))||(t=Math.random().toString(36).substring(2,12),e.src+=\"#?secret=\"+t,e.setAttribute(\"data-secret\",t)),e.contentWindow.postMessage({message:\"ready\",secret:t},\"*\")},!1)))}(window,document);\n\/* ]]> *\/\n<\/script>\n","description":"Dom Dem\u00e9trio Valentini Adital Estamos chegando na reta final do Ano da F\u00e9. Iniciado em 11 de outubro de 2012, ele vai se concluir oficialmente no dia 24 deste m\u00eas de novembro. Ele foi institu\u00eddo pelo Papa Em\u00e9rito Bento XVI, e ser\u00e1 conclu\u00eddo pelo Papa Francisco. Sua motiva\u00e7\u00e3o principal esteve ligada ao Conc\u00edlio Vaticano II. [&hellip;]","thumbnail_url":"https:\/\/www.oarcanjo.net\/site\/wp-content\/uploads\/logo-o-arcanjo-no-ar-facebook.png","thumbnail_width":300,"thumbnail_height":300}

Dom Demétrio Valentini Adital Estamos chegando na reta final do Ano da Fé. Iniciado em 11 de outubro de 2012, ele vai se concluir oficialmente no dia 24 deste mês de novembro. Ele foi instituído pelo Papa Emérito Bento XVI, e será concluído pelo Papa Francisco. Sua motivação principal esteve ligada ao Concílio Vaticano II. [&hellip;]
