
{"version":"1.0","provider_name":"O Arcanjo no ar","provider_url":"https:\/\/www.oarcanjo.net\/site","title":"Santa Rosa de Viterbo - O Arcanjo no ar","type":"rich","width":600,"height":338,"html":"<blockquote class=\"wp-embedded-content\" data-secret=\"dJJYTd3Aty\"><a href=\"https:\/\/www.oarcanjo.net\/site\/santa-rosa-de-viterbo\/\">Santa Rosa de Viterbo<\/a><\/blockquote><iframe sandbox=\"allow-scripts\" security=\"restricted\" src=\"https:\/\/www.oarcanjo.net\/site\/santa-rosa-de-viterbo\/embed\/#?secret=dJJYTd3Aty\" width=\"600\" height=\"338\" title=\"&#8220;Santa Rosa de Viterbo&#8221; &#8212; O Arcanjo no ar\" data-secret=\"dJJYTd3Aty\" frameborder=\"0\" marginwidth=\"0\" marginheight=\"0\" scrolling=\"no\" class=\"wp-embedded-content\"><\/iframe><script type=\"text\/javascript\">\n\/* <![CDATA[ *\/\n\/*! This file is auto-generated *\/\n!function(d,l){\"use strict\";l.querySelector&&d.addEventListener&&\"undefined\"!=typeof URL&&(d.wp=d.wp||{},d.wp.receiveEmbedMessage||(d.wp.receiveEmbedMessage=function(e){var t=e.data;if((t||t.secret||t.message||t.value)&&!\/[^a-zA-Z0-9]\/.test(t.secret)){for(var s,r,n,a=l.querySelectorAll('iframe[data-secret=\"'+t.secret+'\"]'),o=l.querySelectorAll('blockquote[data-secret=\"'+t.secret+'\"]'),c=new RegExp(\"^https?:$\",\"i\"),i=0;i<o.length;i++)o[i].style.display=\"none\";for(i=0;i<a.length;i++)s=a[i],e.source===s.contentWindow&&(s.removeAttribute(\"style\"),\"height\"===t.message?(1e3<(r=parseInt(t.value,10))?r=1e3:~~r<200&&(r=200),s.height=r):\"link\"===t.message&&(r=new URL(s.getAttribute(\"src\")),n=new URL(t.value),c.test(n.protocol))&&n.host===r.host&&l.activeElement===s&&(d.top.location.href=t.value))}},d.addEventListener(\"message\",d.wp.receiveEmbedMessage,!1),l.addEventListener(\"DOMContentLoaded\",function(){for(var e,t,s=l.querySelectorAll(\"iframe.wp-embedded-content\"),r=0;r<s.length;r++)(t=(e=s[r]).getAttribute(\"data-secret\"))||(t=Math.random().toString(36).substring(2,12),e.src+=\"#?secret=\"+t,e.setAttribute(\"data-secret\",t)),e.contentWindow.postMessage({message:\"ready\",secret:t},\"*\")},!1)))}(window,document);\n\/* ]]> *\/\n<\/script>\n","description":"6 de Mar\u00e7o Rosa viveu numa \u00e9poca de grandes confrontos, entre os poderes do pontificado e do imperador, somados aos conflitos civis provocados por duas fam\u00edlias que disputavam o governo da cidade de Viterbo. Ela nasceu nesta cidade num dia incerto do ano de 1234. Os pais, Jo\u00e3o e Catarina, eram crist\u00e3os fervorosos. A fam\u00edlia [&hellip;]","thumbnail_url":"http:\/\/1.bp.blogspot.com\/_uGLtSsnGUkI\/Re4gxcXv4dI\/AAAAAAAAAF0\/xr-jXgKULRY\/s1600\/Santa-Rosa.jpg"}

6 de Março Rosa viveu numa época de grandes confrontos, entre os poderes do pontificado e do imperador, somados aos conflitos civis provocados por duas famílias que disputavam o governo da cidade de Viterbo. Ela nasceu nesta cidade num dia incerto do ano de 1234. Os pais, João e Catarina, eram cristãos fervorosos. A família [&hellip;]
