
{"version":"1.0","provider_name":"O Arcanjo no ar","provider_url":"https:\/\/www.oarcanjo.net\/site","title":"S\u00e3o Pedro de Verona - O Arcanjo no ar","type":"rich","width":600,"height":338,"html":"<blockquote class=\"wp-embedded-content\" data-secret=\"nGd07fs371\"><a href=\"https:\/\/www.oarcanjo.net\/site\/sao-pedro-de-verona\/\">S\u00e3o Pedro de Verona<\/a><\/blockquote><iframe sandbox=\"allow-scripts\" security=\"restricted\" src=\"https:\/\/www.oarcanjo.net\/site\/sao-pedro-de-verona\/embed\/#?secret=nGd07fs371\" width=\"600\" height=\"338\" title=\"&#8220;S\u00e3o Pedro de Verona&#8221; &#8212; O Arcanjo no ar\" data-secret=\"nGd07fs371\" frameborder=\"0\" marginwidth=\"0\" marginheight=\"0\" scrolling=\"no\" class=\"wp-embedded-content\"><\/iframe><script type=\"text\/javascript\">\n\/* <![CDATA[ *\/\n\/*! This file is auto-generated *\/\n!function(d,l){\"use strict\";l.querySelector&&d.addEventListener&&\"undefined\"!=typeof URL&&(d.wp=d.wp||{},d.wp.receiveEmbedMessage||(d.wp.receiveEmbedMessage=function(e){var t=e.data;if((t||t.secret||t.message||t.value)&&!\/[^a-zA-Z0-9]\/.test(t.secret)){for(var s,r,n,a=l.querySelectorAll('iframe[data-secret=\"'+t.secret+'\"]'),o=l.querySelectorAll('blockquote[data-secret=\"'+t.secret+'\"]'),c=new RegExp(\"^https?:$\",\"i\"),i=0;i<o.length;i++)o[i].style.display=\"none\";for(i=0;i<a.length;i++)s=a[i],e.source===s.contentWindow&&(s.removeAttribute(\"style\"),\"height\"===t.message?(1e3<(r=parseInt(t.value,10))?r=1e3:~~r<200&&(r=200),s.height=r):\"link\"===t.message&&(r=new URL(s.getAttribute(\"src\")),n=new URL(t.value),c.test(n.protocol))&&n.host===r.host&&l.activeElement===s&&(d.top.location.href=t.value))}},d.addEventListener(\"message\",d.wp.receiveEmbedMessage,!1),l.addEventListener(\"DOMContentLoaded\",function(){for(var e,t,s=l.querySelectorAll(\"iframe.wp-embedded-content\"),r=0;r<s.length;r++)(t=(e=s[r]).getAttribute(\"data-secret\"))||(t=Math.random().toString(36).substring(2,12),e.src+=\"#?secret=\"+t,e.setAttribute(\"data-secret\",t)),e.contentWindow.postMessage({message:\"ready\",secret:t},\"*\")},!1)))}(window,document);\n\/* ]]> *\/\n<\/script>\n","description":"29 de Abril Pedro nasceu em Verona no ano de 1205. Seus pais eram hereges maniqueus, adeptos da doutrina religiosa her\u00e9tica do persa Mani, Manes ou Maniqueu, caracterizada pela concep\u00e7\u00e3o dualista do mundo, em que esp\u00edrito e mat\u00e9ria representam, respectivamente, o bem e o mal. Entretanto, o \u00fanico col\u00e9gio que havia no local era cat\u00f3lico [&hellip;]","thumbnail_url":"http:\/\/2.bp.blogspot.com\/_z-c0Sh5Zlrs\/SJKKCN_RJKI\/AAAAAAAABPo\/zp22dqUpHRw\/s400\/S%C3%A3o+Pedro+de+Verona.jpg"}

São Pedro de Verona - O Arcanjo no ar

<blockquote class="wp-embedded-content" data-secret="nGd07fs371"><a href="https://www.oarcanjo.net/site/sao-pedro-de-verona/">São Pedro de Verona</a></blockquote><iframe sandbox="allow-scripts" security="restricted" src="https://www.oarcanjo.net/site/sao-pedro-de-verona/embed/#?secret=nGd07fs371" width="600" height="338" title="&#8220;São Pedro de Verona&#8221; &#8212; O Arcanjo no ar" data-secret="nGd07fs371" frameborder="0" marginwidth="0" marginheight="0" scrolling="no" class="wp-embedded-content"></iframe><script type="text/javascript">
/* <![CDATA[ */
/*! This file is auto-generated */
!function(d,l){"use strict";l.querySelector&&d.addEventListener&&"undefined"!=typeof URL&&(d.wp=d.wp||{},d.wp.receiveEmbedMessage||(d.wp.receiveEmbedMessage=function(e){var t=e.data;if((t||t.secret||t.message||t.value)&&!/[^a-zA-Z0-9]/.test(t.secret)){for(var s,r,n,a=l.querySelectorAll('iframe[data-secret="'+t.secret+'"]'),o=l.querySelectorAll('blockquote[data-secret="'+t.secret+'"]'),c=new RegExp("^https?:$","i"),i=0;i<o.length;i++)o[i].style.display="none";for(i=0;i<a.length;i++)s=a[i],e.source===s.contentWindow&&(s.removeAttribute("style"),"height"===t.message?(1e3<(r=parseInt(t.value,10))?r=1e3:~~r<200&&(r=200),s.height=r):"link"===t.message&&(r=new URL(s.getAttribute("src")),n=new URL(t.value),c.test(n.protocol))&&n.host===r.host&&l.activeElement===s&&(d.top.location.href=t.value))}},d.addEventListener("message",d.wp.receiveEmbedMessage,!1),l.addEventListener("DOMContentLoaded",function(){for(var e,t,s=l.querySelectorAll("iframe.wp-embedded-content"),r=0;r<s.length;r++)(t=(e=s[r]).getAttribute("data-secret"))||(t=Math.random().toString(36).substring(2,12),e.src+="#?secret="+t,e.setAttribute("data-secret",t)),e.contentWindow.postMessage({message:"ready",secret:t},"*")},!1)))}(window,document);
/* ]]> */
</script>

29 de Abril Pedro nasceu em Verona no ano de 1205. Seus pais eram hereges maniqueus, adeptos da doutrina religiosa herética do persa Mani, Manes ou Maniqueu, caracterizada pela concepção dualista do mundo, em que espírito e matéria representam, respectivamente, o bem e o mal. Entretanto, o único colégio que havia no local era católico [&hellip;]
