
{"version":"1.0","provider_name":"O Arcanjo no ar","provider_url":"https:\/\/www.oarcanjo.net\/site","title":"Terra de Zabulon, terra das periferias - O Arcanjo no ar","type":"rich","width":600,"height":338,"html":"<blockquote class=\"wp-embedded-content\" data-secret=\"7q5WxG4NVf\"><a href=\"https:\/\/www.oarcanjo.net\/site\/terra-de-zabulon-terra-das-periferias\/\">Terra de Zabulon, terra das periferias<\/a><\/blockquote><iframe sandbox=\"allow-scripts\" security=\"restricted\" src=\"https:\/\/www.oarcanjo.net\/site\/terra-de-zabulon-terra-das-periferias\/embed\/#?secret=7q5WxG4NVf\" width=\"600\" height=\"338\" title=\"&#8220;Terra de Zabulon, terra das periferias&#8221; &#8212; O Arcanjo no ar\" data-secret=\"7q5WxG4NVf\" frameborder=\"0\" marginwidth=\"0\" marginheight=\"0\" scrolling=\"no\" class=\"wp-embedded-content\"><\/iframe><script type=\"text\/javascript\">\n\/* <![CDATA[ *\/\n\/*! This file is auto-generated *\/\n!function(d,l){\"use strict\";l.querySelector&&d.addEventListener&&\"undefined\"!=typeof URL&&(d.wp=d.wp||{},d.wp.receiveEmbedMessage||(d.wp.receiveEmbedMessage=function(e){var t=e.data;if((t||t.secret||t.message||t.value)&&!\/[^a-zA-Z0-9]\/.test(t.secret)){for(var s,r,n,a=l.querySelectorAll('iframe[data-secret=\"'+t.secret+'\"]'),o=l.querySelectorAll('blockquote[data-secret=\"'+t.secret+'\"]'),c=new RegExp(\"^https?:$\",\"i\"),i=0;i<o.length;i++)o[i].style.display=\"none\";for(i=0;i<a.length;i++)s=a[i],e.source===s.contentWindow&&(s.removeAttribute(\"style\"),\"height\"===t.message?(1e3<(r=parseInt(t.value,10))?r=1e3:~~r<200&&(r=200),s.height=r):\"link\"===t.message&&(r=new URL(s.getAttribute(\"src\")),n=new URL(t.value),c.test(n.protocol))&&n.host===r.host&&l.activeElement===s&&(d.top.location.href=t.value))}},d.addEventListener(\"message\",d.wp.receiveEmbedMessage,!1),l.addEventListener(\"DOMContentLoaded\",function(){for(var e,t,s=l.querySelectorAll(\"iframe.wp-embedded-content\"),r=0;r<s.length;r++)(t=(e=s[r]).getAttribute(\"data-secret\"))||(t=Math.random().toString(36).substring(2,12),e.src+=\"#?secret=\"+t,e.setAttribute(\"data-secret\",t)),e.contentWindow.postMessage({message:\"ready\",secret:t},\"*\")},!1)))}(window,document);\n\/* ]]> *\/\n<\/script>\n","description":"Cardeal Odilo Pedro Scherer Muito interessante a mensagem do 3\u00ba Domingo do Tempo Comum, celebrado no dia 26 de janeiro. Fala do in\u00edcio da miss\u00e3o p\u00fablica de Jesus, depois da pris\u00e3o de Jo\u00e3o Batista (cf. Mt 4, 12-23). Jesus deixa Nazar\u00e9, onde passou a fase de sua vida oculta, e fixa morada em Cafarnaum, iniciando [&hellip;]","thumbnail_url":"https:\/\/www.oarcanjo.net\/site\/wp-content\/uploads\/logo-o-arcanjo-no-ar-facebook.png","thumbnail_width":300,"thumbnail_height":300}

Cardeal Odilo Pedro Scherer Muito interessante a mensagem do 3º Domingo do Tempo Comum, celebrado no dia 26 de janeiro. Fala do início da missão pública de Jesus, depois da prisão de João Batista (cf. Mt 4, 12-23). Jesus deixa Nazaré, onde passou a fase de sua vida oculta, e fixa morada em Cafarnaum, iniciando [&hellip;]
