
{"id":2,"date":"2008-09-22T21:45:31","date_gmt":"2008-09-23T00:45:31","guid":{"rendered":"http:\/\/www.oarcanjo.net\/site\/?page_id=2"},"modified":"2014-09-29T14:16:31","modified_gmt":"2014-09-29T17:16:31","slug":"sobre","status":"publish","type":"page","link":"https:\/\/www.oarcanjo.net\/site\/sobre\/","title":{"rendered":"Apresenta\u00e7\u00e3o"},"content":{"rendered":"<p>A par\u00f3quia S\u00e3o Miguel Arcanjo, da Regi\u00e3o Bel\u00e9m, setor Bel\u00e9m, da Arquidiocese de S\u00e3o Paulo quer se fazer presente no mundo das comunica\u00e7\u00f5es atrav\u00e9s do &#8220;Arcanjo no ar&#8221;.<\/p>\n<p>A evangeliza\u00e7\u00e3o da cidade exige a linguagem do mundo contempor\u00e2neo, ser disc\u00edpulos e misssion\u00e1rios de Jesus atrav\u00e9s de todos os meios que facilitem chegar ao outro para que todos cheguem ao Senhor ressuscitado.<\/p>\n<p>S\u00e2o Miguel Arcanjo \u00e9 a for\u00e7a do Nome de Deus, for\u00e7a do amor que une, re\u00fane e nos faz irm\u00e3os e irm\u00e3s para formarmos comunidades servidoras da vida.<\/p>\n<p>Que todos participem, se fa\u00e7am presentes com sua palavra e vida.<\/p>\n<p><em>Pe Julio Lancellotti<\/em><\/p>\n<div id=\"themify_builder_content-2\" data-postid=\"2\" class=\"themify_builder_content themify_builder_content-2 themify_builder themify_builder_front\">\n\t<\/div>\n<!-- \/themify_builder_content -->","protected":false},"excerpt":{"rendered":"<p>A par\u00f3quia S\u00e3o Miguel Arcanjo, da Regi\u00e3o Bel\u00e9m, setor Bel\u00e9m, da Arquidiocese de S\u00e3o Paulo quer se fazer presente no mundo das comunica\u00e7\u00f5es atrav\u00e9s do &#8220;Arcanjo no ar&#8221;. A evangeliza\u00e7\u00e3o da cidade exige a linguagem do mundo contempor\u00e2neo, ser disc\u00edpulos e misssion\u00e1rios de Jesus atrav\u00e9s de todos os meios que facilitem chegar ao outro para [&hellip;]<\/p>\n","protected":false},"author":4,"featured_media":0,"parent":0,"menu_order":1,"comment_status":"open","ping_status":"closed","template":"","meta":{"ngg_post_thumbnail":0,"footnotes":""},"yoast_head":"<!-- This site is optimized with the Yoast SEO plugin v23.5 - https:\/\/yoast.com\/wordpress\/plugins\/seo\/ -->\n<title>Apresenta\u00e7\u00e3o - O Arcanjo no ar<\/title>\n<meta name=\"robots\" content=\"index, follow, max-snippet:-1, max-image-preview:large, max-video-preview:-1\" \/>\n<link rel=\"canonical\" href=\"https:\/\/www.oarcanjo.net\/site\/sobre\/\" \/>\n<meta property=\"og:locale\" content=\"pt_BR\" \/>\n<meta property=\"og:type\" content=\"article\" \/>\n<meta property=\"og:title\" content=\"Apresenta\u00e7\u00e3o - O Arcanjo no ar\" \/>\n<meta property=\"og:description\" content=\"A par\u00f3quia S\u00e3o Miguel Arcanjo, da Regi\u00e3o Bel\u00e9m, setor Bel\u00e9m, da Arquidiocese de S\u00e3o Paulo quer se fazer presente no mundo das comunica\u00e7\u00f5es atrav\u00e9s do &#8220;Arcanjo no ar&#8221;. A evangeliza\u00e7\u00e3o da cidade exige a linguagem do mundo contempor\u00e2neo, ser disc\u00edpulos e misssion\u00e1rios de Jesus atrav\u00e9s de todos os meios que facilitem chegar ao outro para [&hellip;]\" \/>\n<meta property=\"og:url\" content=\"https:\/\/www.oarcanjo.net\/site\/sobre\/\" \/>\n<meta property=\"og:site_name\" content=\"O Arcanjo no ar\" \/>\n<meta property=\"article:publisher\" content=\"https:\/\/www.facebook.com\/OArcanjoNoAr\/\" \/>\n<meta property=\"article:modified_time\" content=\"2014-09-29T17:16:31+00:00\" \/>\n<meta property=\"og:image\" content=\"https:\/\/www.oarcanjo.net\/site\/wp-content\/uploads\/logo-o-arcanjo-no-ar-facebook.png\" \/>\n\t<meta property=\"og:image:width\" content=\"300\" \/>\n\t<meta property=\"og:image:height\" content=\"300\" \/>\n\t<meta property=\"og:image:type\" content=\"image\/png\" \/>\n<meta name=\"twitter:card\" content=\"summary_large_image\" \/>\n<meta name=\"twitter:label1\" content=\"Est. tempo de leitura\" \/>\n\t<meta name=\"twitter:data1\" content=\"1 minuto\" \/>\n<script type=\"application\/ld+json\" class=\"yoast-schema-graph\">{\"@context\":\"https:\/\/schema.org\",\"@graph\":[{\"@type\":\"WebPage\",\"@id\":\"https:\/\/www.oarcanjo.net\/site\/sobre\/\",\"url\":\"https:\/\/www.oarcanjo.net\/site\/sobre\/\",\"name\":\"Apresenta\u00e7\u00e3o - O Arcanjo no ar\",\"isPartOf\":{\"@id\":\"https:\/\/www.oarcanjo.net\/site\/#website\"},\"datePublished\":\"2008-09-23T00:45:31+00:00\",\"dateModified\":\"2014-09-29T17:16:31+00:00\",\"breadcrumb\":{\"@id\":\"https:\/\/www.oarcanjo.net\/site\/sobre\/#breadcrumb\"},\"inLanguage\":\"pt-BR\",\"potentialAction\":[{\"@type\":\"ReadAction\",\"target\":[\"https:\/\/www.oarcanjo.net\/site\/sobre\/\"]}]},{\"@type\":\"BreadcrumbList\",\"@id\":\"https:\/\/www.oarcanjo.net\/site\/sobre\/#breadcrumb\",\"itemListElement\":[{\"@type\":\"ListItem\",\"position\":1,\"name\":\"In\u00edcio\",\"item\":\"https:\/\/www.oarcanjo.net\/site\/\"},{\"@type\":\"ListItem\",\"position\":2,\"name\":\"Apresenta\u00e7\u00e3o\"}]},{\"@type\":\"WebSite\",\"@id\":\"https:\/\/www.oarcanjo.net\/site\/#website\",\"url\":\"https:\/\/www.oarcanjo.net\/site\/\",\"name\":\"O Arcanjo no ar\",\"description\":\"Site da Par\u00f3quia S\u00e3o Miguel Arcanjo (Arquidiocese de SP)\",\"publisher\":{\"@id\":\"https:\/\/www.oarcanjo.net\/site\/#organization\"},\"potentialAction\":[{\"@type\":\"SearchAction\",\"target\":{\"@type\":\"EntryPoint\",\"urlTemplate\":\"https:\/\/www.oarcanjo.net\/site\/?s={search_term_string}\"},\"query-input\":{\"@type\":\"PropertyValueSpecification\",\"valueRequired\":true,\"valueName\":\"search_term_string\"}}],\"inLanguage\":\"pt-BR\"},{\"@type\":\"Organization\",\"@id\":\"https:\/\/www.oarcanjo.net\/site\/#organization\",\"name\":\"Par\u00f3quia S\u00e3o Miguel Arcanjo\",\"url\":\"https:\/\/www.oarcanjo.net\/site\/\",\"logo\":{\"@type\":\"ImageObject\",\"inLanguage\":\"pt-BR\",\"@id\":\"https:\/\/www.oarcanjo.net\/site\/#\/schema\/logo\/image\/\",\"url\":\"https:\/\/www.oarcanjo.net\/site\/wp-content\/uploads\/LogoOArcanjo.png\",\"contentUrl\":\"https:\/\/www.oarcanjo.net\/site\/wp-content\/uploads\/LogoOArcanjo.png\",\"width\":319,\"height\":99,\"caption\":\"Par\u00f3quia S\u00e3o Miguel Arcanjo\"},\"image\":{\"@id\":\"https:\/\/www.oarcanjo.net\/site\/#\/schema\/logo\/image\/\"},\"sameAs\":[\"https:\/\/www.facebook.com\/OArcanjoNoAr\/\"]}]}<\/script>\n<!-- \/ Yoast SEO plugin. -->","yoast_head_json":{"title":"Apresenta\u00e7\u00e3o - O Arcanjo no ar","robots":{"index":"index","follow":"follow","max-snippet":"max-snippet:-1","max-image-preview":"max-image-preview:large","max-video-preview":"max-video-preview:-1"},"canonical":"https:\/\/www.oarcanjo.net\/site\/sobre\/","og_locale":"pt_BR","og_type":"article","og_title":"Apresenta\u00e7\u00e3o - O Arcanjo no ar","og_description":"A par\u00f3quia S\u00e3o Miguel Arcanjo, da Regi\u00e3o Bel\u00e9m, setor Bel\u00e9m, da Arquidiocese de S\u00e3o Paulo quer se fazer presente no mundo das comunica\u00e7\u00f5es atrav\u00e9s do &#8220;Arcanjo no ar&#8221;. A evangeliza\u00e7\u00e3o da cidade exige a linguagem do mundo contempor\u00e2neo, ser disc\u00edpulos e misssion\u00e1rios de Jesus atrav\u00e9s de todos os meios que facilitem chegar ao outro para [&hellip;]","og_url":"https:\/\/www.oarcanjo.net\/site\/sobre\/","og_site_name":"O Arcanjo no ar","article_publisher":"https:\/\/www.facebook.com\/OArcanjoNoAr\/","article_modified_time":"2014-09-29T17:16:31+00:00","og_image":[{"width":300,"height":300,"url":"https:\/\/www.oarcanjo.net\/site\/wp-content\/uploads\/logo-o-arcanjo-no-ar-facebook.png","type":"image\/png"}],"twitter_card":"summary_large_image","twitter_misc":{"Est. tempo de leitura":"1 minuto"},"schema":{"@context":"https:\/\/schema.org","@graph":[{"@type":"WebPage","@id":"https:\/\/www.oarcanjo.net\/site\/sobre\/","url":"https:\/\/www.oarcanjo.net\/site\/sobre\/","name":"Apresenta\u00e7\u00e3o - O Arcanjo no ar","isPartOf":{"@id":"https:\/\/www.oarcanjo.net\/site\/#website"},"datePublished":"2008-09-23T00:45:31+00:00","dateModified":"2014-09-29T17:16:31+00:00","breadcrumb":{"@id":"https:\/\/www.oarcanjo.net\/site\/sobre\/#breadcrumb"},"inLanguage":"pt-BR","potentialAction":[{"@type":"ReadAction","target":["https:\/\/www.oarcanjo.net\/site\/sobre\/"]}]},{"@type":"BreadcrumbList","@id":"https:\/\/www.oarcanjo.net\/site\/sobre\/#breadcrumb","itemListElement":[{"@type":"ListItem","position":1,"name":"In\u00edcio","item":"https:\/\/www.oarcanjo.net\/site\/"},{"@type":"ListItem","position":2,"name":"Apresenta\u00e7\u00e3o"}]},{"@type":"WebSite","@id":"https:\/\/www.oarcanjo.net\/site\/#website","url":"https:\/\/www.oarcanjo.net\/site\/","name":"O Arcanjo no ar","description":"Site da Par\u00f3quia S\u00e3o Miguel Arcanjo (Arquidiocese de SP)","publisher":{"@id":"https:\/\/www.oarcanjo.net\/site\/#organization"},"potentialAction":[{"@type":"SearchAction","target":{"@type":"EntryPoint","urlTemplate":"https:\/\/www.oarcanjo.net\/site\/?s={search_term_string}"},"query-input":{"@type":"PropertyValueSpecification","valueRequired":true,"valueName":"search_term_string"}}],"inLanguage":"pt-BR"},{"@type":"Organization","@id":"https:\/\/www.oarcanjo.net\/site\/#organization","name":"Par\u00f3quia S\u00e3o Miguel Arcanjo","url":"https:\/\/www.oarcanjo.net\/site\/","logo":{"@type":"ImageObject","inLanguage":"pt-BR","@id":"https:\/\/www.oarcanjo.net\/site\/#\/schema\/logo\/image\/","url":"https:\/\/www.oarcanjo.net\/site\/wp-content\/uploads\/LogoOArcanjo.png","contentUrl":"https:\/\/www.oarcanjo.net\/site\/wp-content\/uploads\/LogoOArcanjo.png","width":319,"height":99,"caption":"Par\u00f3quia S\u00e3o Miguel Arcanjo"},"image":{"@id":"https:\/\/www.oarcanjo.net\/site\/#\/schema\/logo\/image\/"},"sameAs":["https:\/\/www.facebook.com\/OArcanjoNoAr\/"]}]}},"publishpress_future_action":{"enabled":false,"date":"2026-05-06 03:06:59","action":"category","newStatus":"draft","terms":[],"taxonomy":""},"publishpress_future_workflow_manual_trigger":{"enabledWorkflows":[]},"_links":{"self":[{"href":"https:\/\/www.oarcanjo.net\/site\/wp-json\/wp\/v2\/pages\/2"}],"collection":[{"href":"https:\/\/www.oarcanjo.net\/site\/wp-json\/wp\/v2\/pages"}],"about":[{"href":"https:\/\/www.oarcanjo.net\/site\/wp-json\/wp\/v2\/types\/page"}],"author":[{"embeddable":true,"href":"https:\/\/www.oarcanjo.net\/site\/wp-json\/wp\/v2\/users\/4"}],"replies":[{"embeddable":true,"href":"https:\/\/www.oarcanjo.net\/site\/wp-json\/wp\/v2\/comments?post=2"}],"version-history":[{"count":0,"href":"https:\/\/www.oarcanjo.net\/site\/wp-json\/wp\/v2\/pages\/2\/revisions"}],"wp:attachment":[{"href":"https:\/\/www.oarcanjo.net\/site\/wp-json\/wp\/v2\/media?parent=2"}],"curies":[{"name":"wp","href":"https:\/\/api.w.org\/{rel}","templated":true}]}}

Apresentação

<p>A paróquia São Miguel Arcanjo, da Região Belém, setor Belém, da Arquidiocese de São Paulo quer se fazer presente no mundo das comunicações através do &#8220;Arcanjo no ar&#8221;.</p>
<p>A evangelização da cidade exige a linguagem do mundo contemporâneo, ser discípulos e misssionários de Jesus através de todos os meios que facilitem chegar ao outro para que todos cheguem ao Senhor ressuscitado.</p>
<p>Sâo Miguel Arcanjo é a força do Nome de Deus, força do amor que une, reúne e nos faz irmãos e irmãs para formarmos comunidades servidoras da vida.</p>
<p>Que todos participem, se façam presentes com sua palavra e vida.</p>
<p><em>Pe Julio Lancellotti</em></p>
<div id="themify_builder_content-2" data-postid="2" class="themify_builder_content themify_builder_content-2 themify_builder themify_builder_front">
	</div>
<!-- /themify_builder_content -->

<p>A paróquia São Miguel Arcanjo, da Região Belém, setor Belém, da Arquidiocese de São Paulo quer se fazer presente no mundo das comunicações através do &#8220;Arcanjo no ar&#8221;. A evangelização da cidade exige a linguagem do mundo contemporâneo, ser discípulos e misssionários de Jesus através de todos os meios que facilitem chegar ao outro para [&hellip;]</p>

<!-- This site is optimized with the Yoast SEO plugin v23.5 - https://yoast.com/wordpress/plugins/seo/ -->
<title>Apresentação - O Arcanjo no ar</title>
<meta name="robots" content="index, follow, max-snippet:-1, max-image-preview:large, max-video-preview:-1" />
<link rel="canonical" href="https://www.oarcanjo.net/site/sobre/" />
<meta property="og:locale" content="pt_BR" />
<meta property="og:type" content="article" />
<meta property="og:title" content="Apresentação - O Arcanjo no ar" />
<meta property="og:description" content="A paróquia São Miguel Arcanjo, da Região Belém, setor Belém, da Arquidiocese de São Paulo quer se fazer presente no mundo das comunicações através do &#8220;Arcanjo no ar&#8221;. A evangelização da cidade exige a linguagem do mundo contemporâneo, ser discípulos e misssionários de Jesus através de todos os meios que facilitem chegar ao outro para [&hellip;]" />
<meta property="og:url" content="https://www.oarcanjo.net/site/sobre/" />
<meta property="og:site_name" content="O Arcanjo no ar" />
<meta property="article:publisher" content="https://www.facebook.com/OArcanjoNoAr/" />
<meta property="article:modified_time" content="2014-09-29T17:16:31+00:00" />
<meta property="og:image" content="https://www.oarcanjo.net/site/wp-content/uploads/logo-o-arcanjo-no-ar-facebook.png" />
	<meta property="og:image:width" content="300" />
	<meta property="og:image:height" content="300" />
	<meta property="og:image:type" content="image/png" />
<meta name="twitter:card" content="summary_large_image" />
<meta name="twitter:label1" content="Est. tempo de leitura" />
	<meta name="twitter:data1" content="1 minuto" />
<script type="application/ld+json" class="yoast-schema-graph">{"@context":"https://schema.org","@graph":[{"@type":"WebPage","@id":"https://www.oarcanjo.net/site/sobre/","url":"https://www.oarcanjo.net/site/sobre/","name":"Apresentação - O Arcanjo no ar","isPartOf":{"@id":"https://www.oarcanjo.net/site/#website"},"datePublished":"2008-09-23T00:45:31+00:00","dateModified":"2014-09-29T17:16:31+00:00","breadcrumb":{"@id":"https://www.oarcanjo.net/site/sobre/#breadcrumb"},"inLanguage":"pt-BR","potentialAction":[{"@type":"ReadAction","target":["https://www.oarcanjo.net/site/sobre/"]}]},{"@type":"BreadcrumbList","@id":"https://www.oarcanjo.net/site/sobre/#breadcrumb","itemListElement":[{"@type":"ListItem","position":1,"name":"Início","item":"https://www.oarcanjo.net/site/"},{"@type":"ListItem","position":2,"name":"Apresentação"}]},{"@type":"WebSite","@id":"https://www.oarcanjo.net/site/#website","url":"https://www.oarcanjo.net/site/","name":"O Arcanjo no ar","description":"Site da Paróquia São Miguel Arcanjo (Arquidiocese de SP)","publisher":{"@id":"https://www.oarcanjo.net/site/#organization"},"potentialAction":[{"@type":"SearchAction","target":{"@type":"EntryPoint","urlTemplate":"https://www.oarcanjo.net/site/?s={search_term_string}"},"query-input":{"@type":"PropertyValueSpecification","valueRequired":true,"valueName":"search_term_string"}}],"inLanguage":"pt-BR"},{"@type":"Organization","@id":"https://www.oarcanjo.net/site/#organization","name":"Paróquia São Miguel Arcanjo","url":"https://www.oarcanjo.net/site/","logo":{"@type":"ImageObject","inLanguage":"pt-BR","@id":"https://www.oarcanjo.net/site/#/schema/logo/image/","url":"https://www.oarcanjo.net/site/wp-content/uploads/LogoOArcanjo.png","contentUrl":"https://www.oarcanjo.net/site/wp-content/uploads/LogoOArcanjo.png","width":319,"height":99,"caption":"Paróquia São Miguel Arcanjo"},"image":{"@id":"https://www.oarcanjo.net/site/#/schema/logo/image/"},"sameAs":["https://www.facebook.com/OArcanjoNoAr/"]}]}</script>
<!-- / Yoast SEO plugin. -->

Apresentação - O Arcanjo no ar

A paróquia São Miguel Arcanjo, da Região Belém, setor Belém, da Arquidiocese de São Paulo quer se fazer presente no mundo das comunicações através do &#8220;Arcanjo no ar&#8221;. A evangelização da cidade exige a linguagem do mundo contemporâneo, ser discípulos e misssionários de Jesus através de todos os meios que facilitem chegar ao outro para [&hellip;]

Início

Site da Paróquia São Miguel Arcanjo (Arquidiocese de SP)

Paróquia São Miguel Arcanjo
