
{"id":83,"date":"2008-09-26T00:03:00","date_gmt":"2008-09-26T03:03:00","guid":{"rendered":"http:\/\/www.oarcanjo.net\/site\/?page_id=83"},"modified":"2022-09-18T16:07:32","modified_gmt":"2022-09-18T19:07:32","slug":"missas-e-celebracoes","status":"publish","type":"page","link":"https:\/\/www.oarcanjo.net\/site\/missas-e-celebracoes\/","title":{"rendered":"Missas e celebra\u00e7\u00f5es"},"content":{"rendered":"<div id=\"attachment_519\" style=\"width: 460px\" class=\"wp-caption alignnone\"><img loading=\"lazy\" decoding=\"async\" aria-describedby=\"caption-attachment-519\" class=\"size-full wp-image-519\" title=\"Missa na Par\u00f3quia S\u00e3o Miguel Arcanjo\" src=\"http:\/\/www.oarcanjo.net\/site\/wp-content\/uploads\/foto-missa-paroquia.jpg\" alt=\"Missa na Par\u00f3quia S\u00e3o Miguel Arcanjo\" width=\"450\" height=\"338\" srcset=\"https:\/\/www.oarcanjo.net\/site\/wp-content\/uploads\/foto-missa-paroquia.jpg 450w, https:\/\/www.oarcanjo.net\/site\/wp-content\/uploads\/foto-missa-paroquia-300x225.jpg 300w\" sizes=\"(max-width: 450px) 100vw, 450px\" \/><p id=\"caption-attachment-519\" class=\"wp-caption-text\">Missa na Par\u00f3quia S\u00e3o Miguel Arcanjo<\/p><\/div>\n<p><strong>Igreja S\u00e3o Miguel Arcanjo<\/strong><br \/>\nSegunda a sexta-feira: 7h<br \/>\nDomingo: 7h30 e 18h<\/p>\n<p>Primeira sexta-feira: missa do Cora\u00e7\u00e3o de Jesus e B\u00ean\u00e7\u00e3o do Sant\u00edssimo Sacramento \u00e0s 7h<br \/>\nDia 29: missa em honra a S\u00e3o Miguel, com b\u00ean\u00e7\u00e3o da \u00e1gua e do sal \u00e0s 7h<\/p>\n<hr>\n<div id=\"attachment_524\" style=\"width: 460px\" class=\"wp-caption alignnone\"><img loading=\"lazy\" decoding=\"async\" aria-describedby=\"caption-attachment-524\" class=\"size-full wp-image-524\" title=\"Missa na Capela S\u00e3o Judas Tadeu\" src=\"http:\/\/www.oarcanjo.net\/site\/wp-content\/uploads\/foto-missa-capela.jpg\" alt=\"Missa na Capela S\u00e3o Judas Tadeu\" width=\"450\" height=\"338\" srcset=\"https:\/\/www.oarcanjo.net\/site\/wp-content\/uploads\/foto-missa-capela.jpg 450w, https:\/\/www.oarcanjo.net\/site\/wp-content\/uploads\/foto-missa-capela-300x225.jpg 300w\" sizes=\"(max-width: 450px) 100vw, 450px\" \/><p id=\"caption-attachment-524\" class=\"wp-caption-text\">Missa na Capela S\u00e3o Judas Tadeu<\/p><\/div>\n<p><strong>Capela S\u00e3o Judas Tadeu<\/strong><\/p>\n<p>Domingo: 10h<\/p>\n<div id=\"themify_builder_content-83\" data-postid=\"83\" class=\"themify_builder_content themify_builder_content-83 themify_builder themify_builder_front\">\n\t<\/div>\n<!-- \/themify_builder_content -->","protected":false},"excerpt":{"rendered":"<p>Igreja S\u00e3o Miguel Arcanjo Segunda a sexta-feira: 7h Domingo: 7h30 e 18h Primeira sexta-feira: missa do Cora\u00e7\u00e3o de Jesus e B\u00ean\u00e7\u00e3o do Sant\u00edssimo Sacramento \u00e0s 7h Dia 29: missa em honra a S\u00e3o Miguel, com b\u00ean\u00e7\u00e3o da \u00e1gua e do sal \u00e0s 7h Capela S\u00e3o Judas Tadeu Domingo: 10h<\/p>\n","protected":false},"author":5,"featured_media":0,"parent":0,"menu_order":3,"comment_status":"open","ping_status":"closed","template":"","meta":{"ngg_post_thumbnail":0,"footnotes":""},"yoast_head":"<!-- This site is optimized with the Yoast SEO plugin v23.5 - https:\/\/yoast.com\/wordpress\/plugins\/seo\/ -->\n<title>Missas e celebra\u00e7\u00f5es - O Arcanjo no ar<\/title>\n<meta name=\"robots\" content=\"index, follow, max-snippet:-1, max-image-preview:large, max-video-preview:-1\" \/>\n<link rel=\"canonical\" href=\"https:\/\/www.oarcanjo.net\/site\/missas-e-celebracoes\/\" \/>\n<meta property=\"og:locale\" content=\"pt_BR\" \/>\n<meta property=\"og:type\" content=\"article\" \/>\n<meta property=\"og:title\" content=\"Missas e celebra\u00e7\u00f5es - O Arcanjo no ar\" \/>\n<meta property=\"og:description\" content=\"Igreja S\u00e3o Miguel Arcanjo Segunda a sexta-feira: 7h Domingo: 7h30 e 18h Primeira sexta-feira: missa do Cora\u00e7\u00e3o de Jesus e B\u00ean\u00e7\u00e3o do Sant\u00edssimo Sacramento \u00e0s 7h Dia 29: missa em honra a S\u00e3o Miguel, com b\u00ean\u00e7\u00e3o da \u00e1gua e do sal \u00e0s 7h Capela S\u00e3o Judas Tadeu Domingo: 10h\" \/>\n<meta property=\"og:url\" content=\"https:\/\/www.oarcanjo.net\/site\/missas-e-celebracoes\/\" \/>\n<meta property=\"og:site_name\" content=\"O Arcanjo no ar\" \/>\n<meta property=\"article:publisher\" content=\"https:\/\/www.facebook.com\/OArcanjoNoAr\/\" \/>\n<meta property=\"article:modified_time\" content=\"2022-09-18T19:07:32+00:00\" \/>\n<meta property=\"og:image\" content=\"http:\/\/www.oarcanjo.net\/site\/wp-content\/uploads\/foto-missa-paroquia.jpg\" \/>\n<meta name=\"twitter:card\" content=\"summary_large_image\" \/>\n<script type=\"application\/ld+json\" class=\"yoast-schema-graph\">{\"@context\":\"https:\/\/schema.org\",\"@graph\":[{\"@type\":\"WebPage\",\"@id\":\"https:\/\/www.oarcanjo.net\/site\/missas-e-celebracoes\/\",\"url\":\"https:\/\/www.oarcanjo.net\/site\/missas-e-celebracoes\/\",\"name\":\"Missas e celebra\u00e7\u00f5es - O Arcanjo no ar\",\"isPartOf\":{\"@id\":\"https:\/\/www.oarcanjo.net\/site\/#website\"},\"primaryImageOfPage\":{\"@id\":\"https:\/\/www.oarcanjo.net\/site\/missas-e-celebracoes\/#primaryimage\"},\"image\":{\"@id\":\"https:\/\/www.oarcanjo.net\/site\/missas-e-celebracoes\/#primaryimage\"},\"thumbnailUrl\":\"http:\/\/www.oarcanjo.net\/site\/wp-content\/uploads\/foto-missa-paroquia.jpg\",\"datePublished\":\"2008-09-26T03:03:00+00:00\",\"dateModified\":\"2022-09-18T19:07:32+00:00\",\"breadcrumb\":{\"@id\":\"https:\/\/www.oarcanjo.net\/site\/missas-e-celebracoes\/#breadcrumb\"},\"inLanguage\":\"pt-BR\",\"potentialAction\":[{\"@type\":\"ReadAction\",\"target\":[\"https:\/\/www.oarcanjo.net\/site\/missas-e-celebracoes\/\"]}]},{\"@type\":\"ImageObject\",\"inLanguage\":\"pt-BR\",\"@id\":\"https:\/\/www.oarcanjo.net\/site\/missas-e-celebracoes\/#primaryimage\",\"url\":\"https:\/\/www.oarcanjo.net\/site\/wp-content\/uploads\/foto-missa-paroquia.jpg\",\"contentUrl\":\"https:\/\/www.oarcanjo.net\/site\/wp-content\/uploads\/foto-missa-paroquia.jpg\",\"width\":450,\"height\":338,\"caption\":\"Missa na Par\u00f3quia S\u00e3o Miguel Arcanjo\"},{\"@type\":\"BreadcrumbList\",\"@id\":\"https:\/\/www.oarcanjo.net\/site\/missas-e-celebracoes\/#breadcrumb\",\"itemListElement\":[{\"@type\":\"ListItem\",\"position\":1,\"name\":\"In\u00edcio\",\"item\":\"https:\/\/www.oarcanjo.net\/site\/\"},{\"@type\":\"ListItem\",\"position\":2,\"name\":\"Missas e celebra\u00e7\u00f5es\"}]},{\"@type\":\"WebSite\",\"@id\":\"https:\/\/www.oarcanjo.net\/site\/#website\",\"url\":\"https:\/\/www.oarcanjo.net\/site\/\",\"name\":\"O Arcanjo no ar\",\"description\":\"Site da Par\u00f3quia S\u00e3o Miguel Arcanjo (Arquidiocese de SP)\",\"publisher\":{\"@id\":\"https:\/\/www.oarcanjo.net\/site\/#organization\"},\"potentialAction\":[{\"@type\":\"SearchAction\",\"target\":{\"@type\":\"EntryPoint\",\"urlTemplate\":\"https:\/\/www.oarcanjo.net\/site\/?s={search_term_string}\"},\"query-input\":{\"@type\":\"PropertyValueSpecification\",\"valueRequired\":true,\"valueName\":\"search_term_string\"}}],\"inLanguage\":\"pt-BR\"},{\"@type\":\"Organization\",\"@id\":\"https:\/\/www.oarcanjo.net\/site\/#organization\",\"name\":\"Par\u00f3quia S\u00e3o Miguel Arcanjo\",\"url\":\"https:\/\/www.oarcanjo.net\/site\/\",\"logo\":{\"@type\":\"ImageObject\",\"inLanguage\":\"pt-BR\",\"@id\":\"https:\/\/www.oarcanjo.net\/site\/#\/schema\/logo\/image\/\",\"url\":\"https:\/\/www.oarcanjo.net\/site\/wp-content\/uploads\/LogoOArcanjo.png\",\"contentUrl\":\"https:\/\/www.oarcanjo.net\/site\/wp-content\/uploads\/LogoOArcanjo.png\",\"width\":319,\"height\":99,\"caption\":\"Par\u00f3quia S\u00e3o Miguel Arcanjo\"},\"image\":{\"@id\":\"https:\/\/www.oarcanjo.net\/site\/#\/schema\/logo\/image\/\"},\"sameAs\":[\"https:\/\/www.facebook.com\/OArcanjoNoAr\/\"]}]}<\/script>\n<!-- \/ Yoast SEO plugin. -->","yoast_head_json":{"title":"Missas e celebra\u00e7\u00f5es - O Arcanjo no ar","robots":{"index":"index","follow":"follow","max-snippet":"max-snippet:-1","max-image-preview":"max-image-preview:large","max-video-preview":"max-video-preview:-1"},"canonical":"https:\/\/www.oarcanjo.net\/site\/missas-e-celebracoes\/","og_locale":"pt_BR","og_type":"article","og_title":"Missas e celebra\u00e7\u00f5es - O Arcanjo no ar","og_description":"Igreja S\u00e3o Miguel Arcanjo Segunda a sexta-feira: 7h Domingo: 7h30 e 18h Primeira sexta-feira: missa do Cora\u00e7\u00e3o de Jesus e B\u00ean\u00e7\u00e3o do Sant\u00edssimo Sacramento \u00e0s 7h Dia 29: missa em honra a S\u00e3o Miguel, com b\u00ean\u00e7\u00e3o da \u00e1gua e do sal \u00e0s 7h Capela S\u00e3o Judas Tadeu Domingo: 10h","og_url":"https:\/\/www.oarcanjo.net\/site\/missas-e-celebracoes\/","og_site_name":"O Arcanjo no ar","article_publisher":"https:\/\/www.facebook.com\/OArcanjoNoAr\/","article_modified_time":"2022-09-18T19:07:32+00:00","og_image":[{"url":"http:\/\/www.oarcanjo.net\/site\/wp-content\/uploads\/foto-missa-paroquia.jpg"}],"twitter_card":"summary_large_image","schema":{"@context":"https:\/\/schema.org","@graph":[{"@type":"WebPage","@id":"https:\/\/www.oarcanjo.net\/site\/missas-e-celebracoes\/","url":"https:\/\/www.oarcanjo.net\/site\/missas-e-celebracoes\/","name":"Missas e celebra\u00e7\u00f5es - O Arcanjo no ar","isPartOf":{"@id":"https:\/\/www.oarcanjo.net\/site\/#website"},"primaryImageOfPage":{"@id":"https:\/\/www.oarcanjo.net\/site\/missas-e-celebracoes\/#primaryimage"},"image":{"@id":"https:\/\/www.oarcanjo.net\/site\/missas-e-celebracoes\/#primaryimage"},"thumbnailUrl":"http:\/\/www.oarcanjo.net\/site\/wp-content\/uploads\/foto-missa-paroquia.jpg","datePublished":"2008-09-26T03:03:00+00:00","dateModified":"2022-09-18T19:07:32+00:00","breadcrumb":{"@id":"https:\/\/www.oarcanjo.net\/site\/missas-e-celebracoes\/#breadcrumb"},"inLanguage":"pt-BR","potentialAction":[{"@type":"ReadAction","target":["https:\/\/www.oarcanjo.net\/site\/missas-e-celebracoes\/"]}]},{"@type":"ImageObject","inLanguage":"pt-BR","@id":"https:\/\/www.oarcanjo.net\/site\/missas-e-celebracoes\/#primaryimage","url":"https:\/\/www.oarcanjo.net\/site\/wp-content\/uploads\/foto-missa-paroquia.jpg","contentUrl":"https:\/\/www.oarcanjo.net\/site\/wp-content\/uploads\/foto-missa-paroquia.jpg","width":450,"height":338,"caption":"Missa na Par\u00f3quia S\u00e3o Miguel Arcanjo"},{"@type":"BreadcrumbList","@id":"https:\/\/www.oarcanjo.net\/site\/missas-e-celebracoes\/#breadcrumb","itemListElement":[{"@type":"ListItem","position":1,"name":"In\u00edcio","item":"https:\/\/www.oarcanjo.net\/site\/"},{"@type":"ListItem","position":2,"name":"Missas e celebra\u00e7\u00f5es"}]},{"@type":"WebSite","@id":"https:\/\/www.oarcanjo.net\/site\/#website","url":"https:\/\/www.oarcanjo.net\/site\/","name":"O Arcanjo no ar","description":"Site da Par\u00f3quia S\u00e3o Miguel Arcanjo (Arquidiocese de SP)","publisher":{"@id":"https:\/\/www.oarcanjo.net\/site\/#organization"},"potentialAction":[{"@type":"SearchAction","target":{"@type":"EntryPoint","urlTemplate":"https:\/\/www.oarcanjo.net\/site\/?s={search_term_string}"},"query-input":{"@type":"PropertyValueSpecification","valueRequired":true,"valueName":"search_term_string"}}],"inLanguage":"pt-BR"},{"@type":"Organization","@id":"https:\/\/www.oarcanjo.net\/site\/#organization","name":"Par\u00f3quia S\u00e3o Miguel Arcanjo","url":"https:\/\/www.oarcanjo.net\/site\/","logo":{"@type":"ImageObject","inLanguage":"pt-BR","@id":"https:\/\/www.oarcanjo.net\/site\/#\/schema\/logo\/image\/","url":"https:\/\/www.oarcanjo.net\/site\/wp-content\/uploads\/LogoOArcanjo.png","contentUrl":"https:\/\/www.oarcanjo.net\/site\/wp-content\/uploads\/LogoOArcanjo.png","width":319,"height":99,"caption":"Par\u00f3quia S\u00e3o Miguel Arcanjo"},"image":{"@id":"https:\/\/www.oarcanjo.net\/site\/#\/schema\/logo\/image\/"},"sameAs":["https:\/\/www.facebook.com\/OArcanjoNoAr\/"]}]}},"publishpress_future_action":{"enabled":false,"date":"2026-05-09 03:05:22","action":"category","newStatus":"draft","terms":[],"taxonomy":""},"publishpress_future_workflow_manual_trigger":{"enabledWorkflows":[]},"_links":{"self":[{"href":"https:\/\/www.oarcanjo.net\/site\/wp-json\/wp\/v2\/pages\/83"}],"collection":[{"href":"https:\/\/www.oarcanjo.net\/site\/wp-json\/wp\/v2\/pages"}],"about":[{"href":"https:\/\/www.oarcanjo.net\/site\/wp-json\/wp\/v2\/types\/page"}],"author":[{"embeddable":true,"href":"https:\/\/www.oarcanjo.net\/site\/wp-json\/wp\/v2\/users\/5"}],"replies":[{"embeddable":true,"href":"https:\/\/www.oarcanjo.net\/site\/wp-json\/wp\/v2\/comments?post=83"}],"version-history":[{"count":2,"href":"https:\/\/www.oarcanjo.net\/site\/wp-json\/wp\/v2\/pages\/83\/revisions"}],"predecessor-version":[{"id":121161,"href":"https:\/\/www.oarcanjo.net\/site\/wp-json\/wp\/v2\/pages\/83\/revisions\/121161"}],"wp:attachment":[{"href":"https:\/\/www.oarcanjo.net\/site\/wp-json\/wp\/v2\/media?parent=83"}],"curies":[{"name":"wp","href":"https:\/\/api.w.org\/{rel}","templated":true}]}}

Missas e celebrações

<div id="attachment_519" style="width: 460px" class="wp-caption alignnone"><img loading="lazy" decoding="async" aria-describedby="caption-attachment-519" class="size-full wp-image-519" title="Missa na Paróquia São Miguel Arcanjo" src="http://www.oarcanjo.net/site/wp-content/uploads/foto-missa-paroquia.jpg" alt="Missa na Paróquia São Miguel Arcanjo" width="450" height="338" srcset="https://www.oarcanjo.net/site/wp-content/uploads/foto-missa-paroquia.jpg 450w, https://www.oarcanjo.net/site/wp-content/uploads/foto-missa-paroquia-300x225.jpg 300w" sizes="(max-width: 450px) 100vw, 450px" /><p id="caption-attachment-519" class="wp-caption-text">Missa na Paróquia São Miguel Arcanjo</p></div>
<p><strong>Igreja São Miguel Arcanjo</strong><br />
Segunda a sexta-feira: 7h<br />
Domingo: 7h30 e 18h</p>
<p>Primeira sexta-feira: missa do Coração de Jesus e Bênção do Santíssimo Sacramento às 7h<br />
Dia 29: missa em honra a São Miguel, com bênção da água e do sal às 7h</p>
<hr>
<div id="attachment_524" style="width: 460px" class="wp-caption alignnone"><img loading="lazy" decoding="async" aria-describedby="caption-attachment-524" class="size-full wp-image-524" title="Missa na Capela São Judas Tadeu" src="http://www.oarcanjo.net/site/wp-content/uploads/foto-missa-capela.jpg" alt="Missa na Capela São Judas Tadeu" width="450" height="338" srcset="https://www.oarcanjo.net/site/wp-content/uploads/foto-missa-capela.jpg 450w, https://www.oarcanjo.net/site/wp-content/uploads/foto-missa-capela-300x225.jpg 300w" sizes="(max-width: 450px) 100vw, 450px" /><p id="caption-attachment-524" class="wp-caption-text">Missa na Capela São Judas Tadeu</p></div>
<p><strong>Capela São Judas Tadeu</strong></p>
<p>Domingo: 10h</p>
<div id="themify_builder_content-83" data-postid="83" class="themify_builder_content themify_builder_content-83 themify_builder themify_builder_front">
	</div>
<!-- /themify_builder_content -->

<p>Igreja São Miguel Arcanjo Segunda a sexta-feira: 7h Domingo: 7h30 e 18h Primeira sexta-feira: missa do Coração de Jesus e Bênção do Santíssimo Sacramento às 7h Dia 29: missa em honra a São Miguel, com bênção da água e do sal às 7h Capela São Judas Tadeu Domingo: 10h</p>

<!-- This site is optimized with the Yoast SEO plugin v23.5 - https://yoast.com/wordpress/plugins/seo/ -->
<title>Missas e celebrações - O Arcanjo no ar</title>
<meta name="robots" content="index, follow, max-snippet:-1, max-image-preview:large, max-video-preview:-1" />
<link rel="canonical" href="https://www.oarcanjo.net/site/missas-e-celebracoes/" />
<meta property="og:locale" content="pt_BR" />
<meta property="og:type" content="article" />
<meta property="og:title" content="Missas e celebrações - O Arcanjo no ar" />
<meta property="og:description" content="Igreja São Miguel Arcanjo Segunda a sexta-feira: 7h Domingo: 7h30 e 18h Primeira sexta-feira: missa do Coração de Jesus e Bênção do Santíssimo Sacramento às 7h Dia 29: missa em honra a São Miguel, com bênção da água e do sal às 7h Capela São Judas Tadeu Domingo: 10h" />
<meta property="og:url" content="https://www.oarcanjo.net/site/missas-e-celebracoes/" />
<meta property="og:site_name" content="O Arcanjo no ar" />
<meta property="article:publisher" content="https://www.facebook.com/OArcanjoNoAr/" />
<meta property="article:modified_time" content="2022-09-18T19:07:32+00:00" />
<meta property="og:image" content="http://www.oarcanjo.net/site/wp-content/uploads/foto-missa-paroquia.jpg" />
<meta name="twitter:card" content="summary_large_image" />
<script type="application/ld+json" class="yoast-schema-graph">{"@context":"https://schema.org","@graph":[{"@type":"WebPage","@id":"https://www.oarcanjo.net/site/missas-e-celebracoes/","url":"https://www.oarcanjo.net/site/missas-e-celebracoes/","name":"Missas e celebrações - O Arcanjo no ar","isPartOf":{"@id":"https://www.oarcanjo.net/site/#website"},"primaryImageOfPage":{"@id":"https://www.oarcanjo.net/site/missas-e-celebracoes/#primaryimage"},"image":{"@id":"https://www.oarcanjo.net/site/missas-e-celebracoes/#primaryimage"},"thumbnailUrl":"http://www.oarcanjo.net/site/wp-content/uploads/foto-missa-paroquia.jpg","datePublished":"2008-09-26T03:03:00+00:00","dateModified":"2022-09-18T19:07:32+00:00","breadcrumb":{"@id":"https://www.oarcanjo.net/site/missas-e-celebracoes/#breadcrumb"},"inLanguage":"pt-BR","potentialAction":[{"@type":"ReadAction","target":["https://www.oarcanjo.net/site/missas-e-celebracoes/"]}]},{"@type":"ImageObject","inLanguage":"pt-BR","@id":"https://www.oarcanjo.net/site/missas-e-celebracoes/#primaryimage","url":"https://www.oarcanjo.net/site/wp-content/uploads/foto-missa-paroquia.jpg","contentUrl":"https://www.oarcanjo.net/site/wp-content/uploads/foto-missa-paroquia.jpg","width":450,"height":338,"caption":"Missa na Paróquia São Miguel Arcanjo"},{"@type":"BreadcrumbList","@id":"https://www.oarcanjo.net/site/missas-e-celebracoes/#breadcrumb","itemListElement":[{"@type":"ListItem","position":1,"name":"Início","item":"https://www.oarcanjo.net/site/"},{"@type":"ListItem","position":2,"name":"Missas e celebrações"}]},{"@type":"WebSite","@id":"https://www.oarcanjo.net/site/#website","url":"https://www.oarcanjo.net/site/","name":"O Arcanjo no ar","description":"Site da Paróquia São Miguel Arcanjo (Arquidiocese de SP)","publisher":{"@id":"https://www.oarcanjo.net/site/#organization"},"potentialAction":[{"@type":"SearchAction","target":{"@type":"EntryPoint","urlTemplate":"https://www.oarcanjo.net/site/?s={search_term_string}"},"query-input":{"@type":"PropertyValueSpecification","valueRequired":true,"valueName":"search_term_string"}}],"inLanguage":"pt-BR"},{"@type":"Organization","@id":"https://www.oarcanjo.net/site/#organization","name":"Paróquia São Miguel Arcanjo","url":"https://www.oarcanjo.net/site/","logo":{"@type":"ImageObject","inLanguage":"pt-BR","@id":"https://www.oarcanjo.net/site/#/schema/logo/image/","url":"https://www.oarcanjo.net/site/wp-content/uploads/LogoOArcanjo.png","contentUrl":"https://www.oarcanjo.net/site/wp-content/uploads/LogoOArcanjo.png","width":319,"height":99,"caption":"Paróquia São Miguel Arcanjo"},"image":{"@id":"https://www.oarcanjo.net/site/#/schema/logo/image/"},"sameAs":["https://www.facebook.com/OArcanjoNoAr/"]}]}</script>
<!-- / Yoast SEO plugin. -->

Missas e celebrações - O Arcanjo no ar

Igreja São Miguel Arcanjo Segunda a sexta-feira: 7h Domingo: 7h30 e 18h Primeira sexta-feira: missa do Coração de Jesus e Bênção do Santíssimo Sacramento às 7h Dia 29: missa em honra a São Miguel, com bênção da água e do sal às 7h Capela São Judas Tadeu Domingo: 10h

Missa na Paróquia São Miguel Arcanjo

Início

Site da Paróquia São Miguel Arcanjo (Arquidiocese de SP)

Paróquia São Miguel Arcanjo
